



{"id":963,"date":"2015-09-23T11:05:48","date_gmt":"2015-09-23T10:05:48","guid":{"rendered":"http:\/\/ilpiccone.it\/wp\/?page_id=963"},"modified":"2016-01-14T16:49:27","modified_gmt":"2016-01-14T15:49:27","slug":"misteri-3","status":"publish","type":"page","link":"https:\/\/www.ilpiccone.it\/index.php\/misteri-3\/","title":{"rendered":"Misteri"},"content":{"rendered":"<p class=\"p1\"><span class=\"s1\">Abbiamo riscontrato negli anni che i fatti di sangue, comprendendosi tra questi stragi ed omicidi, spesso presentano un aspetto comune, e cio\u00e8 che tempestivamente viene comunicata da qualche portavoce ufficiale<span class=\"Apple-converted-space\">\u00a0 <\/span>la certezza della matrice, ed i motivi sottostanti. Questa comunicazione quasi sempre<span class=\"Apple-converted-space\">\u00a0 <\/span>diverr\u00e0 la verit\u00e0 giudiziale su quanto accaduto grazie alla sentenza definitiva ma comunque quei fatti resteranno misteri irrisolti. Noi per semplificare le ricerche personali, circa casi misteriosi con possibile movente politico<span class=\"Apple-converted-space\">\u00a0 <\/span>che possono interessare, suggeriamo di applicare la metodologia utilizzata dai nostri centri tematici: considerare il reato come fatto obiettivo.<br \/>\n<\/span><span class=\"s1\">Le dichiarazioni ufficiali espresse dalle autorit\u00e0 a seguito del fatto obiettivo, nell\u2019immediatezza, quale \u201c<i>possibile regia<\/i>\u201d &#8211; documentarsi circa le risultanze istruttorie e dibattimentali per accertare depistaggi, indagini neglette o abbandonate, etc. etc. Sentenza definitiva.<br \/>\n<\/span><span class=\"s1\">Costantemente o quasi la sentenza definitiva finir\u00e0 per collimare con la regia iniziale. E ci\u00f2 a costo di dar vita ad altri processi a carico dei \u201cdepistatori\u201d senza che mai si faccia luce sul perch\u00e9 dei depistaggi e nell\u2019interesse da chi siano stati messi in atto.<br \/>\n<\/span><span class=\"s1\">E ci\u00f2 quando pur essendo chiarissimi i fatti e le responsabilit\u00e0 non sia possibile identificare se quanto accadde fu voluto dall\u2019una o dall\u2019altra forza impegnata nella lotta sotterranea.<br \/>\n<\/span><span class=\"s1\">Ci\u00f2 premesso sommariamente riporteremo una scheda relativa ad uno stage e all\u2019attivit\u00e0 siciliana di un bandito che probabilmente si trov\u00f2 a servire due o pi\u00f9 potentati in lotta sotterranea tra di loro, sempre condizionati e diretti da forze internazionali.<\/span><\/p>\n<p>Le troppe incongruenze, le leggerezze, le mancate indagini, le omissioni riscontrate, lo scollamento tra i servizi segreti, le Istituzioni, gli organi di polizia, i continui depistaggi, le soffiate e le confidenze che ci raggiungevano, le verit\u00e0 che altri processi politici ci arrecarono, fecero in modo che, nel 1986, avessimo un quadro chiaro della realt\u00e0. Ci sentimmo traditi, ma complici.\u00a0Noi, difensori in tanti processi politici, eravamo stati complici involontari di quei complotti\u00a0come tanti nostri clienti che troppo tardi si erano accorti di essere stati usati per azioni\u00a0dirette dai pupari per conto di poteri ignoti e probabilmente proprio da quelli che\u00a0credevano di combattere.\u00a0Quel che pi\u00f9 fer\u00ec la nostra coscienza fu constatare che per sopravvivere e difenderci ci eravamo serviti dello stesso sistema corrotto che \u00a0combattevamo<br \/>\nDiversa la posizione dei magistrati che si occuparono di quei fatti in fase istruttoria o<br \/>\ndibattimentale e degli inquirenti, la loro funzione \u00e8 diretta a scoprire la verit\u00e0, quindi<br \/>\npotevano rivedere le loro sentenze, le loro indagini i loro convincimenti e pubblicamente<br \/>\ndiffondere le verit\u00e0 acquisite.<br \/>\nEsempio\u00a0 di onest\u00e0 morale e professionale lo ha dato l&#8217;ex giudice Ferdinando Imposimato che err\u00f2 nel ritenere un pavido l&#8217;On.Moro ed i Brigatisti Rossi unici artefici ed ideatori esclusivi del sequestro e della strage di via Fani.<br \/>\nUomo schierato a sinistra ma\u00a0 amante della Verit\u00e0 e della Giustizia ha potuto svelare nei volumi \u201cI 55 giorni che hanno cambiato l&#8217;Italia\u201d e nel volume \u201cLa Repubblica delle stragi impunite\u201d retroscena, documenti e fatti che hanno confermato quelle ed altre\u00a0 verit\u00e0\u00a0 che noi difensori\u00a0 accertammo, ma che non potremo mai dire. Noi possiamo soltanto GRIDARE, ai pochi sopravissuti tra i tanti nostri patrocinati, vittime o complici,\u00a0 \u201cCHI SA PARLI!\u201d cos\u00ec come fece <a href=\"http:\/\/ilpiccone.it\/wp\/index.php\/francesco-montanari\/\">Francesco Montanari<\/a><\/p>\n","protected":false},"excerpt":{"rendered":"<p>Abbiamo riscontrato negli anni che i fatti di sangue, comprendendosi tra questi stragi ed omicidi, spesso presentano un aspetto comune, e cio\u00e8 che tempestivamente viene comunicata da qualche portavoce ufficiale\u00a0 la certezza della matrice, ed i motivi sottostanti. Questa comunicazione quasi sempre\u00a0 diverr\u00e0 la verit\u00e0 giudiziale su quanto accaduto grazie alla sentenza definitiva ma comunque quei fatti resteranno misteri irrisolti&#8230;. <a href=\"https:\/\/www.ilpiccone.it\/index.php\/misteri-3\/\">Read more &raquo;<\/a><\/p>\n","protected":false},"author":1,"featured_media":0,"parent":0,"menu_order":0,"comment_status":"closed","ping_status":"closed","template":"","meta":[],"_links":{"self":[{"href":"https:\/\/www.ilpiccone.it\/index.php\/wp-json\/wp\/v2\/pages\/963"}],"collection":[{"href":"https:\/\/www.ilpiccone.it\/index.php\/wp-json\/wp\/v2\/pages"}],"about":[{"href":"https:\/\/www.ilpiccone.it\/index.php\/wp-json\/wp\/v2\/types\/page"}],"author":[{"embeddable":true,"href":"https:\/\/www.ilpiccone.it\/index.php\/wp-json\/wp\/v2\/users\/1"}],"replies":[{"embeddable":true,"href":"https:\/\/www.ilpiccone.it\/index.php\/wp-json\/wp\/v2\/comments?post=963"}],"version-history":[{"count":4,"href":"https:\/\/www.ilpiccone.it\/index.php\/wp-json\/wp\/v2\/pages\/963\/revisions"}],"predecessor-version":[{"id":1588,"href":"https:\/\/www.ilpiccone.it\/index.php\/wp-json\/wp\/v2\/pages\/963\/revisions\/1588"}],"wp:attachment":[{"href":"https:\/\/www.ilpiccone.it\/index.php\/wp-json\/wp\/v2\/media?parent=963"}],"curies":[{"name":"wp","href":"https:\/\/api.w.org\/{rel}","templated":true}]}}

<p class="p1"><span class="s1">Abbiamo riscontrato negli anni che i fatti di sangue, comprendendosi tra questi stragi ed omicidi, spesso presentano un aspetto comune, e cioè che tempestivamente viene comunicata da qualche portavoce ufficiale<span class="Apple-converted-space">  </span>la certezza della matrice, ed i motivi sottostanti. Questa comunicazione quasi sempre<span class="Apple-converted-space">  </span>diverrà la verità giudiziale su quanto accaduto grazie alla sentenza definitiva ma comunque quei fatti resteranno misteri irrisolti. Noi per semplificare le ricerche personali, circa casi misteriosi con possibile movente politico<span class="Apple-converted-space">  </span>che possono interessare, suggeriamo di applicare la metodologia utilizzata dai nostri centri tematici: considerare il reato come fatto obiettivo.<br />
</span><span class="s1">Le dichiarazioni ufficiali espresse dalle autorità a seguito del fatto obiettivo, nell’immediatezza, quale “<i>possibile regia</i>” &#8211; documentarsi circa le risultanze istruttorie e dibattimentali per accertare depistaggi, indagini neglette o abbandonate, etc. etc. Sentenza definitiva.<br />
</span><span class="s1">Costantemente o quasi la sentenza definitiva finirà per collimare con la regia iniziale. E ciò a costo di dar vita ad altri processi a carico dei “depistatori” senza che mai si faccia luce sul perché dei depistaggi e nell’interesse da chi siano stati messi in atto.<br />
</span><span class="s1">E ciò quando pur essendo chiarissimi i fatti e le responsabilità non sia possibile identificare se quanto accadde fu voluto dall’una o dall’altra forza impegnata nella lotta sotterranea.<br />
</span><span class="s1">Ciò premesso sommariamente riporteremo una scheda relativa ad uno stage e all’attività siciliana di un bandito che probabilmente si trovò a servire due o più potentati in lotta sotterranea tra di loro, sempre condizionati e diretti da forze internazionali.</span></p>
<p>Le troppe incongruenze, le leggerezze, le mancate indagini, le omissioni riscontrate, lo scollamento tra i servizi segreti, le Istituzioni, gli organi di polizia, i continui depistaggi, le soffiate e le confidenze che ci raggiungevano, le verità che altri processi politici ci arrecarono, fecero in modo che, nel 1986, avessimo un quadro chiaro della realtà. Ci sentimmo traditi, ma complici. Noi, difensori in tanti processi politici, eravamo stati complici involontari di quei complotti come tanti nostri clienti che troppo tardi si erano accorti di essere stati usati per azioni dirette dai pupari per conto di poteri ignoti e probabilmente proprio da quelli che credevano di combattere. Quel che più ferì la nostra coscienza fu constatare che per sopravvivere e difenderci ci eravamo serviti dello stesso sistema corrotto che  combattevamo<br />
Diversa la posizione dei magistrati che si occuparono di quei fatti in fase istruttoria o<br />
dibattimentale e degli inquirenti, la loro funzione è diretta a scoprire la verità, quindi<br />
potevano rivedere le loro sentenze, le loro indagini i loro convincimenti e pubblicamente<br />
diffondere le verità acquisite.<br />
Esempio  di onestà morale e professionale lo ha dato l&#8217;ex giudice Ferdinando Imposimato che errò nel ritenere un pavido l&#8217;On.Moro ed i Brigatisti Rossi unici artefici ed ideatori esclusivi del sequestro e della strage di via Fani.<br />
Uomo schierato a sinistra ma  amante della Verità e della Giustizia ha potuto svelare nei volumi “I 55 giorni che hanno cambiato l&#8217;Italia” e nel volume “La Repubblica delle stragi impunite” retroscena, documenti e fatti che hanno confermato quelle ed altre  verità  che noi difensori  accertammo, ma che non potremo mai dire. Noi possiamo soltanto GRIDARE, ai pochi sopravissuti tra i tanti nostri patrocinati, vittime o complici,  “CHI SA PARLI!” così come fece <a href="http://ilpiccone.it/wp/index.php/francesco-montanari/">Francesco Montanari</a></p>

<p>Abbiamo riscontrato negli anni che i fatti di sangue, comprendendosi tra questi stragi ed omicidi, spesso presentano un aspetto comune, e cioè che tempestivamente viene comunicata da qualche portavoce ufficiale  la certezza della matrice, ed i motivi sottostanti. Questa comunicazione quasi sempre  diverrà la verità giudiziale su quanto accaduto grazie alla sentenza definitiva ma comunque quei fatti resteranno misteri irrisolti&#8230;. <a href="https://www.ilpiccone.it/index.php/misteri-3/">Read more &raquo;</a></p>
