



{"id":53,"date":"2015-04-21T14:12:30","date_gmt":"2015-04-21T14:12:30","guid":{"rendered":"http:\/\/www.ilpiccone.it\/?page_id=53"},"modified":"2015-11-12T10:54:19","modified_gmt":"2015-11-12T09:54:19","slug":"dichiarazione-di-indipendenza","status":"publish","type":"page","link":"https:\/\/www.ilpiccone.it\/index.php\/aderisci\/dichiarazione-di-indipendenza\/","title":{"rendered":"Dichiarazione di indipendenza"},"content":{"rendered":"<p style=\"text-align: justify;\" align=\"CENTER\"><strong>DICHIARAZIONE DI INDIPENDENZA DEL POPOLO ITALIANO<\/strong><\/p>\n<p style=\"text-align: justify;\">Quando il popolo riconosce il tradimento dei suoi rappresentanti al mandato loro conferito, tradimento che si traduce nella lesione sistematica dei principi etici e morali e degli ideali della Costituzione, riducendo la Nazione alla attuale situazione fallimentare, si impone una palingenesi generale per ripristinare i principi cardine della moderna democrazia, costituiti dalla libert\u00e0, uguaglianza e fraternit\u00e0 e da tutti gli altri diritti, riconosciuti anche dagli organismi internazionali e che rappresentano il cardine del moderno concetto di civilt\u00e0 e di democrazia.<\/p>\n<p style=\"text-align: justify;\">Quando poi, il degrado e la perdita di valori della classe politica e potentati annessi, porta ad uno iato incolmabile tra la Costituzione formale e quella materiale, cos\u00ec da instaurare un modello di vita sociale basato sulle disuguaglianze, sui privilegi, sul degrado etico tramite la sistematica corruzione e le tangenti, in modo tale da procurare metodicamente delittuosi vantaggi economici ai gruppi di potere e ingenti danni alla Nazione,quando\u00a0 la rapacit\u00e0 del potere, l&#8217; elefantiasi della burocrazia e la\u00a0 pressione fiscale divengono causa della miseria e impedimento al progresso economico e alla libert\u00e0 dei cittadini<\/p>\n<p style=\"text-align: justify;\" align=\"CENTER\"><strong>SI IMPONE<br \/>\n<\/strong>la dichiarazione di intervenuta risoluzione della rappresentanza a suo tempo concessa ai Partiti e da questi alle Istituzioni e all&#8217;attuale classe dirigente ed a tutte le altre emanazioni utilizzate per perpetrare la violazione sistematica dei diritti civili e politici sopra ricordati per inadempienza e tradimento.<\/p>\n<p style=\"text-align: justify;\">Quella dell\u2019attuale classe politica e dirigente \u00e8 storia di ripetuti torti e usurpazioni, tutti diretti a fondare il sistema degenerato che opprime il popolo. Per dimostrarlo ecco i fatti che si sottopongono all\u2019esame di tutti gli uomini imparziali e in buona fede:<\/p>\n<p style=\"text-align: justify;\"><strong>1<\/strong> aver dismesso importanti parti di sovranit\u00e0 ad organismi extraterritoriali dei quali non \u00e8 consentito n\u00e9 un controllo, n\u00e9 una verifica degli effetti<br \/>\n<strong>2<\/strong> non aver tutelato le ricchezze Italiane, dismettendo l\u2019agricoltura, la cura del territorio con conseguente il dissesto idrogeologico attuale<br \/>\n<strong>3<\/strong> aver espropriato i beni demaniali, di propriet\u00e0 dei cittadini, trasformandoli in propriet\u00e0 gestita malamente, sottraendo al popolo, legittimo titolare, il godimento degli stessi.<br \/>\n<strong>4<\/strong> aver ampliato a dismisura le disuguaglianze sociali, rendendo di fatto impossibile la costituzione delle famiglie e provocato il decremento demografico<br \/>\n<strong>5<\/strong> aver imposto ai cittadini una pletora di prestazione personali e patrimoniali abusive ed illecite<br \/>\n<strong>6<\/strong> avere di fatto reso impossibile la tutela giudiziaria dei diritti ed interessi legittimi mediante l&#8217;introduzione di costi eccessivi e la dilatazione a dismisura delle tempistiche dell\u2019amministrazione della giustizia<br \/>\n<strong>7<\/strong> avere creato una magistratura non democraticamente eletta che, dopo aver servito la politica, di fatto ne \u00e8 divenuta arbitra rendendo inutile l\u2019attivit\u00e0 del Parlamento e del Governo.<br \/>\n<strong>8<\/strong> avere di fatto reso impossibile l\u2019accesso alla istruzione superiore se non alle classi pi\u00f9 abbienti<br \/>\n<strong>9<\/strong> avere portato al collasso la pubblica assistenza<br \/>\n<strong>10<\/strong> avere di fatto abolito il diritto al lavoro, che avrebbe dovuto essere tutelato ed agevolato, nonch\u00e9 la congruit\u00e0 della retribuzione in relazione alla libera e dignitosa sopravvivenza della famiglia<br \/>\n<strong>11<\/strong> avere tradito il diritto dei cittadini inabili al mantenimento ed all\u2019assistenza sociale<\/p>\n<p style=\"text-align: justify;\">Si tratta delle violazioni pi\u00f9 macroscopiche e di un elenco solo a titolo esemplificativo e non esaustivo, riservandoci di indicare partitamente le metodiche attuate per produrre miseria e sottrarre reddito ai cittadini (valga, ad esempio, l\u2019introduzione della SOA e del DURC) promuovendo il trasferimento delle aziende e delle attivit\u00e0 produttive all\u2019estero.<\/p>\n<p style=\"text-align: justify;\">Pertanto in ragione di tutto quanto esposto noi dichiariamo che i Partiti hanno tradito il senso e loscopo dei mandati di rappresentanza assunti e che le Istituzioni (da loro imposte) hanno\u00a0 tradita la Costituzione\u00a0 e la\u00a0 Repubblica Italiana e quindi il Popolo Sovrano e la Sovranit\u00e0 della Nazione<\/p>\n<p style=\"text-align: justify;\">PROCLAMIAMO L&#8217;INDIPENDENZA DEL POPOLO ITALIANO DALLA TIRANNIA<\/p>\n<p style=\"text-align: justify;\">Gli indipendentisti\u00a0 Italiani<\/p>\n","protected":false},"excerpt":{"rendered":"<p>DICHIARAZIONE DI INDIPENDENZA DEL POPOLO ITALIANO Quando il popolo riconosce il tradimento dei suoi rappresentanti al mandato loro conferito, tradimento che si traduce nella lesione sistematica dei principi etici e morali e degli ideali della Costituzione, riducendo la Nazione alla attuale situazione fallimentare, si impone una palingenesi generale per ripristinare i principi cardine della moderna democrazia, costituiti dalla libert\u00e0, uguaglianza&#8230; <a href=\"https:\/\/www.ilpiccone.it\/index.php\/aderisci\/dichiarazione-di-indipendenza\/\">Read more &raquo;<\/a><\/p>\n","protected":false},"author":1,"featured_media":0,"parent":25,"menu_order":0,"comment_status":"closed","ping_status":"closed","template":"page-templates\/full-width.php","meta":[],"_links":{"self":[{"href":"https:\/\/www.ilpiccone.it\/index.php\/wp-json\/wp\/v2\/pages\/53"}],"collection":[{"href":"https:\/\/www.ilpiccone.it\/index.php\/wp-json\/wp\/v2\/pages"}],"about":[{"href":"https:\/\/www.ilpiccone.it\/index.php\/wp-json\/wp\/v2\/types\/page"}],"author":[{"embeddable":true,"href":"https:\/\/www.ilpiccone.it\/index.php\/wp-json\/wp\/v2\/users\/1"}],"replies":[{"embeddable":true,"href":"https:\/\/www.ilpiccone.it\/index.php\/wp-json\/wp\/v2\/comments?post=53"}],"version-history":[{"count":3,"href":"https:\/\/www.ilpiccone.it\/index.php\/wp-json\/wp\/v2\/pages\/53\/revisions"}],"predecessor-version":[{"id":1055,"href":"https:\/\/www.ilpiccone.it\/index.php\/wp-json\/wp\/v2\/pages\/53\/revisions\/1055"}],"up":[{"embeddable":true,"href":"https:\/\/www.ilpiccone.it\/index.php\/wp-json\/wp\/v2\/pages\/25"}],"wp:attachment":[{"href":"https:\/\/www.ilpiccone.it\/index.php\/wp-json\/wp\/v2\/media?parent=53"}],"curies":[{"name":"wp","href":"https:\/\/api.w.org\/{rel}","templated":true}]}}