



{"id":317,"date":"2015-05-25T15:13:26","date_gmt":"2015-05-25T14:13:26","guid":{"rendered":"http:\/\/www.ilpiccone.it\/?page_id=317"},"modified":"2015-12-15T13:41:28","modified_gmt":"2015-12-15T12:41:28","slug":"la-strategia-democratica","status":"publish","type":"page","link":"https:\/\/www.ilpiccone.it\/index.php\/approfondimenti\/la-strategia-democratica\/","title":{"rendered":"La strategia democratica"},"content":{"rendered":"<p>LA STRATEGIA DEMOCRATICA<\/p>\n<p class=\"p1\">PREMESSA<br \/>\nCi si accorse<span class=\"Apple-converted-space\">\u00a0 <\/span>che la politica economica attuata era indirizzata al monopolio globale della produzione, distribuzione e commercializzazione. Era evidente che questo programma si proponeva la distruzione delle realt\u00e0 artigianali, della piccola e media industria e del commercio, in poche parole l&#8217;eliminazione di quelle<span class=\"Apple-converted-space\">\u00a0 <\/span>realt\u00e0 floride e di quelle forze economiche capillarmente diffuse,<span class=\"Apple-converted-space\">\u00a0 <\/span>spina dorsale del \u201cmiracolo economico italiano\u201d. <span class=\"Apple-converted-space\">\u00a0 <\/span>Questa \u201ccriticit\u00e0\u201d studiata<span class=\"Apple-converted-space\">\u00a0 <\/span>in ogni sua peculiarit\u00e0 dai centri settoriali di ricerca si dimostr\u00f2 essere causa della gravissima recessione economica italiana.<span class=\"Apple-converted-space\">\u00a0 <\/span>Il centro studi della \u201cFondazione per il rispetto della legge\u201d mise in luce che la situazione di fatto riscontrata era la conseguenza del mancato rispetto delle leggi costituzionali, civili e penali vigenti presso tutte le Democrazie, e che le eventuali leggi e regolamenti eventualmente emanati che potevano aver dato una apparente legalit\u00e0 allo stato di fa fatto erano da ritenersi illegittime. I successivi studi e ricerche furono rivolti alla predisposizione dei <span class=\"Apple-converted-space\">\u00a0 <\/span>programmi settoriali e al loro assemblaggio nel programma generale del Risolvere. Furono varate le strategie secondo il nuovo modo di programmare.<span class=\"Apple-converted-space\">\u00a0 <\/span>Vennero<span class=\"Apple-converted-space\">\u00a0 <\/span>formulate<span class=\"Apple-converted-space\">\u00a0 <\/span>due strategie diverse l&#8217;una diretta alla restaurazione dei Principi e dei corrispondenti Diritti Democratici che presuppone<span class=\"Apple-converted-space\">\u00a0 <\/span>riforme ed adeguamenti legislativi<span class=\"Apple-converted-space\">\u00a0 <\/span>di valenza costituzionale e che \u00e8 <b>\u201cLa Strategia Democratica per le Riforme Costituzionali\u201d <\/b> l&#8217;altra<span class=\"Apple-converted-space\">\u00a0 <\/span>per affrontare tempestivamente le tante ed improcrastinabili emergenze nazionali e locali e co\u00e8 la <b>\u201cStrategia del Fare Concreto per le emergenze nazionali\u201d<\/b> <span class=\"Apple-converted-space\">\u00a0 <\/span>e del <b>\u201cFai da T\u00e8 per le emergenze locali\u201d <\/b>dirette ad eliminare gli impedimenti legislativi e burocratici che impediscono di affrontare e risolvere quest&#8217;ultime.<\/p>\n<p class=\"p1\"><b>La Strategia Democratica per le Riforme Costituzionali.<\/b><br \/>\nE&#8217; l&#8217;applicazione pratica dei risultati dei Dipartimenti Tematici Settoriali che<span class=\"Apple-converted-space\">\u00a0 <\/span>chiarito come i Principi<span class=\"Apple-converted-space\">\u00a0 <\/span>fondamentali della<span class=\"Apple-converted-space\">\u00a0 <\/span>Democrazia<span class=\"Apple-converted-space\">\u00a0 <\/span>siano stati violati e come<span class=\"Apple-converted-space\">\u00a0 <\/span>l&#8217;attuale regime ha usurpato la<span class=\"Apple-converted-space\">\u00a0 <\/span>sovranit\u00e0 istituzionale del Popolo ha indicato le strategie costituzionali e quindi legittime per la restaurazione dei diritti gi\u00e0 sanciti<span class=\"Apple-converted-space\">\u00a0 <\/span>dalla Costituzione ed il riconoscimento dei<span class=\"Apple-converted-space\">\u00a0 <\/span>Nuovi Principi e Diritti Naturali e Civili che il progresso impone:<br \/>\n<strong>1) <a href=\"http:\/\/ilpiccone.it\/wp\/index.php\/i-piccoli-passi\/\">I piccoli passi<\/a>, \u00a0<\/strong><strong>2) <a href=\"http:\/\/ilpiccone.it\/wp\/index.php\/il-minimo-comune-denominatore\/\">Il Comune Denominatore<\/a>, \u00a0<\/strong><strong>3) <a href=\"http:\/\/ilpiccone.it\/wp\/index.php\/il-fare-concreto-per-le-riforme-costituzionali\/\">Il Fare concreto per le riforme Costituzionali.<br \/>\n<\/a><\/strong><b><br \/>\nLa strategia del Fare Concreto per l&#8217;Emergenze Nazionali .<br \/>\n<\/b>Quaranta e pi\u00f9 anni di esperienze professionali ed il concorde riscontro della situazione ostativa alla attuazione dei dichiarati fini di leggi volte alla liberalizzazione e semplificazione di attivit\u00e0, dimostrano che l&#8217;eccesso e la incongruenza di una pletora di leggi, di disposizioni, regolamenti,ed altro rendono impossibile l&#8217;attuazione dei fini teoricamente indicati dalle leggi innovative. Gli esempi che saranno pubblicati dimostreranno la necessit\u00e0 che le future leggi per fronteggiare le emergenze e le criticit\u00e0 (se saranno emanate) per i principi della tempestivit\u00e0<span class=\"Apple-converted-space\">\u00a0 <\/span>ed effettivit\u00e0 dovranno<span class=\"Apple-converted-space\">\u00a0 <\/span>abrogare,<span class=\"Apple-converted-space\">\u00a0 <\/span>entrando in vigore, ogni legge, disposizione od altro che ne rallenti o<span class=\"Apple-converted-space\">\u00a0 <\/span>le complichi l&#8217;esecutivit\u00e0. Comunque per quanto riguarda le criticit\u00e0 e l&#8217;urgenza di provvedere in tempi reali l&#8217;articolo 72 della Costituzione<span class=\"Apple-converted-space\">\u00a0 <\/span>conferisce ad un decimo dei componenti della Camera<span class=\"Apple-converted-space\">\u00a0 <\/span>la facolt\u00e0 che sia dichiarata l&#8217;urgenza di un disegno di legge e che sia votato con tale procedura dalla camera stessa. A parte che ormai in Italia tutto \u00e8 una emergenza e tutto imporrebbe leggi di urgente applicazione<span class=\"Apple-converted-space\">\u00a0 <\/span>necessarie ai dovuti interventi , si deve notare che chi comanda non solo non se ne occupa ma impedisce anche che se ne occupino i diretti danneggiati.<\/p>\n<p class=\"p3\"><strong>La Strategia del Fai Da Te<\/strong><br \/>\nE&#8217; la strategia messa a punto per provvedere alla risoluzione delle emergenze e criticit\u00e0<span class=\"Apple-converted-space\">\u00a0 <\/span>esistenti localmente. In accordo con alcuni comuni, e a seguito di iniziative<span class=\"Apple-converted-space\">\u00a0 <\/span>di cittadini del comune e di volontari aderenti da varie regioni e comuni di Italia si provveder\u00e0<span class=\"Apple-converted-space\">\u00a0 <\/span>a risolvere e ad ovviare concretamente a qualche criticit\u00e0 locale. Sar\u00e0 interessante vedere se questa<span class=\"Apple-converted-space\">\u00a0 <\/span>dittatura infingarda, disinformata e menefreghista avr\u00e0 il coraggio di impedire che la volont\u00e0 del popolo venga a sostituirla e a contrastarne i danni. Avremo cos\u00ec modo di verificare anche l&#8217;impegno e l&#8217;apporto dei singoli trasversalisti delle istituzioni e la loro fedelt\u00e0 agli impegni assunti. Indicheremo comunque la strada che ormai si impone: \u201cche ciascuno si arrangi<span class=\"Apple-converted-space\">\u00a0 <\/span>per il bene di tutti\u201d.<\/p>\n<p>&nbsp;<\/p>\n","protected":false},"excerpt":{"rendered":"<p>LA STRATEGIA DEMOCRATICA PREMESSA Ci si accorse\u00a0 che la politica economica attuata era indirizzata al monopolio globale della produzione, distribuzione e commercializzazione. Era evidente che questo programma si proponeva la distruzione delle realt\u00e0 artigianali, della piccola e media industria e del commercio, in poche parole l&#8217;eliminazione di quelle\u00a0 realt\u00e0 floride e di quelle forze economiche capillarmente diffuse,\u00a0 spina dorsale del&#8230; <a href=\"https:\/\/www.ilpiccone.it\/index.php\/approfondimenti\/la-strategia-democratica\/\">Read more &raquo;<\/a><\/p>\n","protected":false},"author":1,"featured_media":0,"parent":110,"menu_order":0,"comment_status":"closed","ping_status":"closed","template":"page-templates\/full-width.php","meta":[],"_links":{"self":[{"href":"https:\/\/www.ilpiccone.it\/index.php\/wp-json\/wp\/v2\/pages\/317"}],"collection":[{"href":"https:\/\/www.ilpiccone.it\/index.php\/wp-json\/wp\/v2\/pages"}],"about":[{"href":"https:\/\/www.ilpiccone.it\/index.php\/wp-json\/wp\/v2\/types\/page"}],"author":[{"embeddable":true,"href":"https:\/\/www.ilpiccone.it\/index.php\/wp-json\/wp\/v2\/users\/1"}],"replies":[{"embeddable":true,"href":"https:\/\/www.ilpiccone.it\/index.php\/wp-json\/wp\/v2\/comments?post=317"}],"version-history":[{"count":13,"href":"https:\/\/www.ilpiccone.it\/index.php\/wp-json\/wp\/v2\/pages\/317\/revisions"}],"predecessor-version":[{"id":1307,"href":"https:\/\/www.ilpiccone.it\/index.php\/wp-json\/wp\/v2\/pages\/317\/revisions\/1307"}],"up":[{"embeddable":true,"href":"https:\/\/www.ilpiccone.it\/index.php\/wp-json\/wp\/v2\/pages\/110"}],"wp:attachment":[{"href":"https:\/\/www.ilpiccone.it\/index.php\/wp-json\/wp\/v2\/media?parent=317"}],"curies":[{"name":"wp","href":"https:\/\/api.w.org\/{rel}","templated":true}]}}

<p>LA STRATEGIA DEMOCRATICA</p>
<p class="p1">PREMESSA<br />
Ci si accorse<span class="Apple-converted-space">  </span>che la politica economica attuata era indirizzata al monopolio globale della produzione, distribuzione e commercializzazione. Era evidente che questo programma si proponeva la distruzione delle realtà artigianali, della piccola e media industria e del commercio, in poche parole l&#8217;eliminazione di quelle<span class="Apple-converted-space">  </span>realtà floride e di quelle forze economiche capillarmente diffuse,<span class="Apple-converted-space">  </span>spina dorsale del “miracolo economico italiano”. <span class="Apple-converted-space">  </span>Questa “criticità” studiata<span class="Apple-converted-space">  </span>in ogni sua peculiarità dai centri settoriali di ricerca si dimostrò essere causa della gravissima recessione economica italiana.<span class="Apple-converted-space">  </span>Il centro studi della “Fondazione per il rispetto della legge” mise in luce che la situazione di fatto riscontrata era la conseguenza del mancato rispetto delle leggi costituzionali, civili e penali vigenti presso tutte le Democrazie, e che le eventuali leggi e regolamenti eventualmente emanati che potevano aver dato una apparente legalità allo stato di fa fatto erano da ritenersi illegittime. I successivi studi e ricerche furono rivolti alla predisposizione dei <span class="Apple-converted-space">  </span>programmi settoriali e al loro assemblaggio nel programma generale del Risolvere. Furono varate le strategie secondo il nuovo modo di programmare.<span class="Apple-converted-space">  </span>Vennero<span class="Apple-converted-space">  </span>formulate<span class="Apple-converted-space">  </span>due strategie diverse l&#8217;una diretta alla restaurazione dei Principi e dei corrispondenti Diritti Democratici che presuppone<span class="Apple-converted-space">  </span>riforme ed adeguamenti legislativi<span class="Apple-converted-space">  </span>di valenza costituzionale e che è <b>“La Strategia Democratica per le Riforme Costituzionali” </b> l&#8217;altra<span class="Apple-converted-space">  </span>per affrontare tempestivamente le tante ed improcrastinabili emergenze nazionali e locali e coè la <b>“Strategia del Fare Concreto per le emergenze nazionali”</b> <span class="Apple-converted-space">  </span>e del <b>“Fai da Tè per le emergenze locali” </b>dirette ad eliminare gli impedimenti legislativi e burocratici che impediscono di affrontare e risolvere quest&#8217;ultime.</p>
<p class="p1"><b>La Strategia Democratica per le Riforme Costituzionali.</b><br />
E&#8217; l&#8217;applicazione pratica dei risultati dei Dipartimenti Tematici Settoriali che<span class="Apple-converted-space">  </span>chiarito come i Principi<span class="Apple-converted-space">  </span>fondamentali della<span class="Apple-converted-space">  </span>Democrazia<span class="Apple-converted-space">  </span>siano stati violati e come<span class="Apple-converted-space">  </span>l&#8217;attuale regime ha usurpato la<span class="Apple-converted-space">  </span>sovranità istituzionale del Popolo ha indicato le strategie costituzionali e quindi legittime per la restaurazione dei diritti già sanciti<span class="Apple-converted-space">  </span>dalla Costituzione ed il riconoscimento dei<span class="Apple-converted-space">  </span>Nuovi Principi e Diritti Naturali e Civili che il progresso impone:<br />
<strong>1) <a href="http://ilpiccone.it/wp/index.php/i-piccoli-passi/">I piccoli passi</a>,  </strong><strong>2) <a href="http://ilpiccone.it/wp/index.php/il-minimo-comune-denominatore/">Il Comune Denominatore</a>,  </strong><strong>3) <a href="http://ilpiccone.it/wp/index.php/il-fare-concreto-per-le-riforme-costituzionali/">Il Fare concreto per le riforme Costituzionali.<br />
</a></strong><b><br />
La strategia del Fare Concreto per l&#8217;Emergenze Nazionali .<br />
</b>Quaranta e più anni di esperienze professionali ed il concorde riscontro della situazione ostativa alla attuazione dei dichiarati fini di leggi volte alla liberalizzazione e semplificazione di attività, dimostrano che l&#8217;eccesso e la incongruenza di una pletora di leggi, di disposizioni, regolamenti,ed altro rendono impossibile l&#8217;attuazione dei fini teoricamente indicati dalle leggi innovative. Gli esempi che saranno pubblicati dimostreranno la necessità che le future leggi per fronteggiare le emergenze e le criticità (se saranno emanate) per i principi della tempestività<span class="Apple-converted-space">  </span>ed effettività dovranno<span class="Apple-converted-space">  </span>abrogare,<span class="Apple-converted-space">  </span>entrando in vigore, ogni legge, disposizione od altro che ne rallenti o<span class="Apple-converted-space">  </span>le complichi l&#8217;esecutività. Comunque per quanto riguarda le criticità e l&#8217;urgenza di provvedere in tempi reali l&#8217;articolo 72 della Costituzione<span class="Apple-converted-space">  </span>conferisce ad un decimo dei componenti della Camera<span class="Apple-converted-space">  </span>la facoltà che sia dichiarata l&#8217;urgenza di un disegno di legge e che sia votato con tale procedura dalla camera stessa. A parte che ormai in Italia tutto è una emergenza e tutto imporrebbe leggi di urgente applicazione<span class="Apple-converted-space">  </span>necessarie ai dovuti interventi , si deve notare che chi comanda non solo non se ne occupa ma impedisce anche che se ne occupino i diretti danneggiati.</p>
<p class="p3"><strong>La Strategia del Fai Da Te</strong><br />
E&#8217; la strategia messa a punto per provvedere alla risoluzione delle emergenze e criticità<span class="Apple-converted-space">  </span>esistenti localmente. In accordo con alcuni comuni, e a seguito di iniziative<span class="Apple-converted-space">  </span>di cittadini del comune e di volontari aderenti da varie regioni e comuni di Italia si provvederà<span class="Apple-converted-space">  </span>a risolvere e ad ovviare concretamente a qualche criticità locale. Sarà interessante vedere se questa<span class="Apple-converted-space">  </span>dittatura infingarda, disinformata e menefreghista avrà il coraggio di impedire che la volontà del popolo venga a sostituirla e a contrastarne i danni. Avremo così modo di verificare anche l&#8217;impegno e l&#8217;apporto dei singoli trasversalisti delle istituzioni e la loro fedeltà agli impegni assunti. Indicheremo comunque la strada che ormai si impone: “che ciascuno si arrangi<span class="Apple-converted-space">  </span>per il bene di tutti”.</p>
<p>&nbsp;</p>

<p>LA STRATEGIA DEMOCRATICA PREMESSA Ci si accorse  che la politica economica attuata era indirizzata al monopolio globale della produzione, distribuzione e commercializzazione. Era evidente che questo programma si proponeva la distruzione delle realtà artigianali, della piccola e media industria e del commercio, in poche parole l&#8217;eliminazione di quelle  realtà floride e di quelle forze economiche capillarmente diffuse,  spina dorsale del&#8230; <a href="https://www.ilpiccone.it/index.php/approfondimenti/la-strategia-democratica/">Read more &raquo;</a></p>
