



{"id":310,"date":"2015-05-25T15:11:36","date_gmt":"2015-05-25T14:11:36","guid":{"rendered":"http:\/\/www.ilpiccone.it\/?page_id=310"},"modified":"2015-08-08T11:40:10","modified_gmt":"2015-08-08T10:40:10","slug":"i-figli-del-cosmo","status":"publish","type":"page","link":"https:\/\/www.ilpiccone.it\/index.php\/approfondimenti\/le-correnti-trasversali\/i-figli-del-cosmo\/","title":{"rendered":"I figli del Cosmo"},"content":{"rendered":"<p><strong>I Figli del Cosmo<\/strong><\/p>\n<p>In questa categoria sono raggruppati associazioni e singoli iscritti con teorie che ritengono certa l&#8217;esistenza di civilt\u00e0 ultra terrene distribuite nel cosmo o in universi paralleli al nostro. Alcune vedono, in queste civilt\u00e0 il motore del progresso umano, altre un pericolo per l&#8217;intera umanit\u00e0, altre ancora pensano che civilt\u00e0 cosmiche abbiano lasciato agli umani un patrimonio di conoscenze molto avanzate e che esista un complotto ordito dalla setta degli \u201cIlluminati\u201d per impedire che l&#8217;Umanit\u00e0 ne prenda conoscenza. \u00a0(<a href=\"..\/126-la-base-aliena-in-romania.html\">\u00a71<\/a>)(<a href=\"..\/133-i-figli-del-cosmo-approfondimento-1.html\">\u00a72<\/a>)<\/p>\n","protected":false},"excerpt":{"rendered":"<p>I Figli del Cosmo In questa categoria sono raggruppati associazioni e singoli iscritti con teorie che ritengono certa l&#8217;esistenza di civilt\u00e0 ultra terrene distribuite nel cosmo o in universi paralleli al nostro. Alcune vedono, in queste civilt\u00e0 il motore del progresso umano, altre un pericolo per l&#8217;intera umanit\u00e0, altre ancora pensano che civilt\u00e0 cosmiche abbiano lasciato agli umani un patrimonio&#8230; <a href=\"https:\/\/www.ilpiccone.it\/index.php\/approfondimenti\/le-correnti-trasversali\/i-figli-del-cosmo\/\">Read more &raquo;<\/a><\/p>\n","protected":false},"author":1,"featured_media":0,"parent":304,"menu_order":0,"comment_status":"closed","ping_status":"closed","template":"","meta":[],"_links":{"self":[{"href":"https:\/\/www.ilpiccone.it\/index.php\/wp-json\/wp\/v2\/pages\/310"}],"collection":[{"href":"https:\/\/www.ilpiccone.it\/index.php\/wp-json\/wp\/v2\/pages"}],"about":[{"href":"https:\/\/www.ilpiccone.it\/index.php\/wp-json\/wp\/v2\/types\/page"}],"author":[{"embeddable":true,"href":"https:\/\/www.ilpiccone.it\/index.php\/wp-json\/wp\/v2\/users\/1"}],"replies":[{"embeddable":true,"href":"https:\/\/www.ilpiccone.it\/index.php\/wp-json\/wp\/v2\/comments?post=310"}],"version-history":[{"count":2,"href":"https:\/\/www.ilpiccone.it\/index.php\/wp-json\/wp\/v2\/pages\/310\/revisions"}],"predecessor-version":[{"id":731,"href":"https:\/\/www.ilpiccone.it\/index.php\/wp-json\/wp\/v2\/pages\/310\/revisions\/731"}],"up":[{"embeddable":true,"href":"https:\/\/www.ilpiccone.it\/index.php\/wp-json\/wp\/v2\/pages\/304"}],"wp:attachment":[{"href":"https:\/\/www.ilpiccone.it\/index.php\/wp-json\/wp\/v2\/media?parent=310"}],"curies":[{"name":"wp","href":"https:\/\/api.w.org\/{rel}","templated":true}]}}