



{"id":284,"date":"2015-05-25T14:46:01","date_gmt":"2015-05-25T13:46:01","guid":{"rendered":"http:\/\/www.ilpiccone.it\/?page_id=284"},"modified":"2015-08-05T16:49:08","modified_gmt":"2015-08-05T15:49:08","slug":"i-simplicius","status":"publish","type":"page","link":"https:\/\/www.ilpiccone.it\/index.php\/approfondimenti\/associazione-il-piccone\/i-simplicius\/","title":{"rendered":"I Simplicius"},"content":{"rendered":"<p>E&#8217; la corrente trasversale pragmatica che all&#8217;interno del Partito il Piccone \u00e8 venuta ad incidere maggiormente avendo dimostrato la completa condivisione da parte di tutti gli associati della \u201cpolitica del fare concreto\u201d contrapposta alla \u201cpolitica del fare deviato\u201d. Nel concreto ritengono che l&#8217;attuale politica sia la dimostrazione pratica \u201cdel parlar bene e del razzolar male\u201d .Ai Simplicius e a noi tutti non interessa sapere il perch\u00e9 e a chi giova tale modo di fare, vogliamo accertare democraticamente se gli elettori messi in condizione di scegliere, preferiscano conservare l&#8217;attuale sistema o instaurare, finalmente, la Costituzione e la Repubblica Democratica Italiana. ECCO LA RISOLUZIONE CONGIUNTAMENTE RAGGIUNTA DA TUTTI I CENTRI TEMATICI \u201c\u2026&#8230;&#8230;&#8230;Noi Democratici convinti, riconosciamo ai popoli il diritto di darsi i governi che vogliono e che si meritano. Sappiamo che nel confronto democratico il Popolo Sovrano, se economicamente rappresenta la casta pi\u00f9 debole, numericamente, rappresenta la casta pi\u00f9 numerosa il che significa che \u00e8 democraticamente vincente e che oggi, grazie alle esperienze sofferte sulla propria pelle \u00e8 preparata per divenire arbitra del proprio destino. Per La Costituzione , ancora vigente, il Popolo \u00e8 fonte di diritto ed \u00e8 l&#8217; unico potere legittimo che legittimamente pu\u00f2 conferire poteri, cariche e funzioni tra le quali la propria legittima rappresentanza nella forma che vorr\u00e0.E&#8217; il potere dei poteri: in Lui si concentrano la potest\u00e0 legislativa, amministrativa e giudiziaria.In virt\u00f9 di tale VERITA&#8217; NOI PRETENDIAMO che agli elettori, siano essi dissidenti votanti o Astensionisti sia data la possibilit\u00e0 di scegliere tra la prosecuzione dell&#8217; attuale \u201cRegime Pseudo-democratico\u201d o la \u201cRestaurazione Costituzionale della Repubblica Democratica Italiana\u201d. <strong>Il popolo degli elettori deve poter scegliere<\/strong> <strong>tra \u201cL&#8217;Italia dei Partiti\u201d e \u201cL&#8217;Italia Degli Italiani\u201d<\/strong>. \u00a7<\/p>\n","protected":false},"excerpt":{"rendered":"<p>E&#8217; la corrente trasversale pragmatica che all&#8217;interno del Partito il Piccone \u00e8 venuta ad incidere maggiormente avendo dimostrato la completa condivisione da parte di tutti gli associati della \u201cpolitica del fare concreto\u201d contrapposta alla \u201cpolitica del fare deviato\u201d. Nel concreto ritengono che l&#8217;attuale politica sia la dimostrazione pratica \u201cdel parlar bene e del razzolar male\u201d .Ai Simplicius e a noi&#8230; <a href=\"https:\/\/www.ilpiccone.it\/index.php\/approfondimenti\/associazione-il-piccone\/i-simplicius\/\">Read more &raquo;<\/a><\/p>\n","protected":false},"author":1,"featured_media":0,"parent":302,"menu_order":0,"comment_status":"closed","ping_status":"closed","template":"page-wide.php","meta":[],"_links":{"self":[{"href":"https:\/\/www.ilpiccone.it\/index.php\/wp-json\/wp\/v2\/pages\/284"}],"collection":[{"href":"https:\/\/www.ilpiccone.it\/index.php\/wp-json\/wp\/v2\/pages"}],"about":[{"href":"https:\/\/www.ilpiccone.it\/index.php\/wp-json\/wp\/v2\/types\/page"}],"author":[{"embeddable":true,"href":"https:\/\/www.ilpiccone.it\/index.php\/wp-json\/wp\/v2\/users\/1"}],"replies":[{"embeddable":true,"href":"https:\/\/www.ilpiccone.it\/index.php\/wp-json\/wp\/v2\/comments?post=284"}],"version-history":[{"count":1,"href":"https:\/\/www.ilpiccone.it\/index.php\/wp-json\/wp\/v2\/pages\/284\/revisions"}],"predecessor-version":[{"id":497,"href":"https:\/\/www.ilpiccone.it\/index.php\/wp-json\/wp\/v2\/pages\/284\/revisions\/497"}],"up":[{"embeddable":true,"href":"https:\/\/www.ilpiccone.it\/index.php\/wp-json\/wp\/v2\/pages\/302"}],"wp:attachment":[{"href":"https:\/\/www.ilpiccone.it\/index.php\/wp-json\/wp\/v2\/media?parent=284"}],"curies":[{"name":"wp","href":"https:\/\/api.w.org\/{rel}","templated":true}]}}

<p>E&#8217; la corrente trasversale pragmatica che all&#8217;interno del Partito il Piccone è venuta ad incidere maggiormente avendo dimostrato la completa condivisione da parte di tutti gli associati della “politica del fare concreto” contrapposta alla “politica del fare deviato”. Nel concreto ritengono che l&#8217;attuale politica sia la dimostrazione pratica “del parlar bene e del razzolar male” .Ai Simplicius e a noi tutti non interessa sapere il perché e a chi giova tale modo di fare, vogliamo accertare democraticamente se gli elettori messi in condizione di scegliere, preferiscano conservare l&#8217;attuale sistema o instaurare, finalmente, la Costituzione e la Repubblica Democratica Italiana. ECCO LA RISOLUZIONE CONGIUNTAMENTE RAGGIUNTA DA TUTTI I CENTRI TEMATICI “…&#8230;&#8230;&#8230;Noi Democratici convinti, riconosciamo ai popoli il diritto di darsi i governi che vogliono e che si meritano. Sappiamo che nel confronto democratico il Popolo Sovrano, se economicamente rappresenta la casta più debole, numericamente, rappresenta la casta più numerosa il che significa che è democraticamente vincente e che oggi, grazie alle esperienze sofferte sulla propria pelle è preparata per divenire arbitra del proprio destino. Per La Costituzione , ancora vigente, il Popolo è fonte di diritto ed è l&#8217; unico potere legittimo che legittimamente può conferire poteri, cariche e funzioni tra le quali la propria legittima rappresentanza nella forma che vorrà.E&#8217; il potere dei poteri: in Lui si concentrano la potestà legislativa, amministrativa e giudiziaria.In virtù di tale VERITA&#8217; NOI PRETENDIAMO che agli elettori, siano essi dissidenti votanti o Astensionisti sia data la possibilità di scegliere tra la prosecuzione dell&#8217; attuale “Regime Pseudo-democratico” o la “Restaurazione Costituzionale della Repubblica Democratica Italiana”. <strong>Il popolo degli elettori deve poter scegliere</strong> <strong>tra “L&#8217;Italia dei Partiti” e “L&#8217;Italia Degli Italiani”</strong>. §</p>

<p>E&#8217; la corrente trasversale pragmatica che all&#8217;interno del Partito il Piccone è venuta ad incidere maggiormente avendo dimostrato la completa condivisione da parte di tutti gli associati della “politica del fare concreto” contrapposta alla “politica del fare deviato”. Nel concreto ritengono che l&#8217;attuale politica sia la dimostrazione pratica “del parlar bene e del razzolar male” .Ai Simplicius e a noi&#8230; <a href="https://www.ilpiccone.it/index.php/approfondimenti/associazione-il-piccone/i-simplicius/">Read more &raquo;</a></p>
