



{"id":276,"date":"2015-05-25T14:41:47","date_gmt":"2015-05-25T13:41:47","guid":{"rendered":"http:\/\/www.ilpiccone.it\/?page_id=276"},"modified":"2015-08-08T11:26:34","modified_gmt":"2015-08-08T10:26:34","slug":"bertoldo","status":"publish","type":"page","link":"https:\/\/www.ilpiccone.it\/index.php\/approfondimenti\/associazione-il-piccone\/bertoldo\/","title":{"rendered":"Bertoldo"},"content":{"rendered":"<p><strong>Bertoldo<\/strong><\/p>\n<p>E&#8217; una confraternita di italiani residenti in Spagna che ha inteso identificarsi col personaggio Bertoldo , descritto a met\u00e0 del 1600 da Giulio Cesare (della ) Croce di S.Giovanni in Persiceto (BO). L&#8217;autore, figlio di un fabbro, esercit\u00f2 oltre che l&#8217;attivit\u00e0 paterna, anche l&#8217; innata vena poetica popolare e farsesca che gli consent\u00ec una vasta produzione di scritti in parte stampati ed in parte manoscritti. Per la diffusione e la commercializzazione dei suoi libelli ( quattro pagine a stampa), nei giorni di carnevale si trasformava in cantastorie e si recava in varie citt\u00e0. Le storielle divertenti e farsesche da lui composte, nei giorni del carnevale potevano essere diffuse essendovi \u201clicenza ai pazzi, ai comici e ai burloni di dire e scrivere ci\u00f2 che volevano per procurare allegria\u201d. La stessa licenza era concessa ai buffoni di corte per tutti i giorni dell&#8217;anno. Il Bertoldo divenne l&#8217;esempio del \u201cvillico con scarpe grosse e cervello fino\u201d impegnato nella lotta di sopravivenza con il re Alboino che riconosciuta la sua scaltrezza ed il suo buon senso lo costrinse a vivere a corte quale consigliere. Involontariamente ne provoc\u00f2 la morte avendolo costretto ad alimentarsi con le vivande raffinate dei nobili. L&#8217; autore riferisce che R\u00e8 Alboino avrebbe fatto incidere sulla sua tomba un epitaffio in sua lode che terminava : \u201c&#8230;mor\u00ec tra acerbi duoli per non poter mangiar rape e fagioli.\u201d<\/p>\n<p align=\"JUSTIFY\">I componenti di questa confraternita si identificarono con Bertoldo avendo scoperto che le imprese di questo personaggio erano conosciute e riportate dai racconti tramandati anche in Spagna fin dal 1660 e che tutt&#8217;ora, col\u00e0, Bertoldo \u00e8 ritenuto l&#8217;esempio di come un popolano pu\u00f2 sopravivere nelle pieghe<\/p>\n","protected":false},"excerpt":{"rendered":"<p>Bertoldo E&#8217; una confraternita di italiani residenti in Spagna che ha inteso identificarsi col personaggio Bertoldo , descritto a met\u00e0 del 1600 da Giulio Cesare (della ) Croce di S.Giovanni in Persiceto (BO). L&#8217;autore, figlio di un fabbro, esercit\u00f2 oltre che l&#8217;attivit\u00e0 paterna, anche l&#8217; innata vena poetica popolare e farsesca che gli consent\u00ec una vasta produzione di scritti in&#8230; <a href=\"https:\/\/www.ilpiccone.it\/index.php\/approfondimenti\/associazione-il-piccone\/bertoldo\/\">Read more &raquo;<\/a><\/p>\n","protected":false},"author":1,"featured_media":0,"parent":302,"menu_order":0,"comment_status":"closed","ping_status":"closed","template":"","meta":[],"_links":{"self":[{"href":"https:\/\/www.ilpiccone.it\/index.php\/wp-json\/wp\/v2\/pages\/276"}],"collection":[{"href":"https:\/\/www.ilpiccone.it\/index.php\/wp-json\/wp\/v2\/pages"}],"about":[{"href":"https:\/\/www.ilpiccone.it\/index.php\/wp-json\/wp\/v2\/types\/page"}],"author":[{"embeddable":true,"href":"https:\/\/www.ilpiccone.it\/index.php\/wp-json\/wp\/v2\/users\/1"}],"replies":[{"embeddable":true,"href":"https:\/\/www.ilpiccone.it\/index.php\/wp-json\/wp\/v2\/comments?post=276"}],"version-history":[{"count":3,"href":"https:\/\/www.ilpiccone.it\/index.php\/wp-json\/wp\/v2\/pages\/276\/revisions"}],"predecessor-version":[{"id":721,"href":"https:\/\/www.ilpiccone.it\/index.php\/wp-json\/wp\/v2\/pages\/276\/revisions\/721"}],"up":[{"embeddable":true,"href":"https:\/\/www.ilpiccone.it\/index.php\/wp-json\/wp\/v2\/pages\/302"}],"wp:attachment":[{"href":"https:\/\/www.ilpiccone.it\/index.php\/wp-json\/wp\/v2\/media?parent=276"}],"curies":[{"name":"wp","href":"https:\/\/api.w.org\/{rel}","templated":true}]}}

<p><strong>Bertoldo</strong></p>
<p>E&#8217; una confraternita di italiani residenti in Spagna che ha inteso identificarsi col personaggio Bertoldo , descritto a metà del 1600 da Giulio Cesare (della ) Croce di S.Giovanni in Persiceto (BO). L&#8217;autore, figlio di un fabbro, esercitò oltre che l&#8217;attività paterna, anche l&#8217; innata vena poetica popolare e farsesca che gli consentì una vasta produzione di scritti in parte stampati ed in parte manoscritti. Per la diffusione e la commercializzazione dei suoi libelli ( quattro pagine a stampa), nei giorni di carnevale si trasformava in cantastorie e si recava in varie città. Le storielle divertenti e farsesche da lui composte, nei giorni del carnevale potevano essere diffuse essendovi “licenza ai pazzi, ai comici e ai burloni di dire e scrivere ciò che volevano per procurare allegria”. La stessa licenza era concessa ai buffoni di corte per tutti i giorni dell&#8217;anno. Il Bertoldo divenne l&#8217;esempio del “villico con scarpe grosse e cervello fino” impegnato nella lotta di sopravivenza con il re Alboino che riconosciuta la sua scaltrezza ed il suo buon senso lo costrinse a vivere a corte quale consigliere. Involontariamente ne provocò la morte avendolo costretto ad alimentarsi con le vivande raffinate dei nobili. L&#8217; autore riferisce che Rè Alboino avrebbe fatto incidere sulla sua tomba un epitaffio in sua lode che terminava : “&#8230;morì tra acerbi duoli per non poter mangiar rape e fagioli.”</p>
<p align="JUSTIFY">I componenti di questa confraternita si identificarono con Bertoldo avendo scoperto che le imprese di questo personaggio erano conosciute e riportate dai racconti tramandati anche in Spagna fin dal 1660 e che tutt&#8217;ora, colà, Bertoldo è ritenuto l&#8217;esempio di come un popolano può sopravivere nelle pieghe</p>

<p>Bertoldo E&#8217; una confraternita di italiani residenti in Spagna che ha inteso identificarsi col personaggio Bertoldo , descritto a metà del 1600 da Giulio Cesare (della ) Croce di S.Giovanni in Persiceto (BO). L&#8217;autore, figlio di un fabbro, esercitò oltre che l&#8217;attività paterna, anche l&#8217; innata vena poetica popolare e farsesca che gli consentì una vasta produzione di scritti in&#8230; <a href="https://www.ilpiccone.it/index.php/approfondimenti/associazione-il-piccone/bertoldo/">Read more &raquo;</a></p>
