



{"id":1726,"date":"2016-04-12T11:48:19","date_gmt":"2016-04-12T10:48:19","guid":{"rendered":"http:\/\/ilpiccone.it\/wp\/?page_id=1726"},"modified":"2016-04-12T11:48:19","modified_gmt":"2016-04-12T10:48:19","slug":"salvatore-ferreri-2","status":"publish","type":"page","link":"https:\/\/www.ilpiccone.it\/index.php\/salvatore-ferreri-2\/","title":{"rendered":"Salvatore Ferreri"},"content":{"rendered":"<p class=\"p1\">Figlio dei coniugi Ferreri Vito e di Corace Maria, nacque il 13\/04\/1923 ad Alcamo, in provincia di Trapani. Antifascista,fascista, indipendentista e di poi annessionista ader\u00ec al CIS* e all&#8217;EVIS*e di poi divenne agente segreto per la polizia.<span class=\"Apple-converted-space\">\u00a0 <\/span>Il Casarrubbea, che faceva ricerche circa la stretta collusione tra Dc, forze dell&#8217;ordine, fascisti, magistratura e mafia, sosteneva che il rapporto del Capitano Giallombardo riguardante lo scontro tra la banda del Ferreri ed<span class=\"Apple-converted-space\">\u00a0 <\/span>i carabinieri al suo<span class=\"Apple-converted-space\">\u00a0 <\/span>comando, reperibile a Roma, nell&#8217;archivio Citt\u00e0 Giudiziaria, processo n.13\/50 cartella7all.Z n.13 nascondeva sfacciatamente quanto effettivamente accaduto. Infatti altri documenti rinvenuti <span class=\"Apple-converted-space\">\u00a0 <\/span>nel fascicolo sulla constatazione dell&#8217;accaduto e la descrizione delle ferite<span class=\"Apple-converted-space\">\u00a0 <\/span>rilevate dal medico incaricato della descrizione dei cadaveri rinvenuti rendono un quadro tale da escludere che i fatti si siano svolti come indicati nel<span class=\"Apple-converted-space\">\u00a0 <\/span>rapporto di quel capitano. Prova definitiva che conferm\u00f2 quanto verbalizzato dal perito medico che<span class=\"Apple-converted-space\">\u00a0 <\/span>effettu\u00f2 la descrizione delle lesioni reperite sul cadavere fu la <span class=\"Apple-converted-space\">\u00a0 <\/span>fotografia che ritrae il Ferreri<span class=\"Apple-converted-space\">\u00a0 <\/span>nella bara.<span class=\"Apple-converted-space\">\u00a0 \u00a0 <\/span>Sul suo volto del deceduto non vi \u00e8 traccia<span class=\"Apple-converted-space\">\u00a0 <\/span>dei due colpi di pistola che il Capitano Roberto Giallombardo, riferisce di avergli sparato in fronte.<br \/>\nIl Capitano, che nel frattempo era divenuto generale a riposo, malgrado la tarda et\u00e0, immediatamente<span class=\"Apple-converted-space\">\u00a0 <\/span>querel\u00f2 Casarrubbea per diffamazione. Il processo che assolse il Casarrubbea si concluse nel 2007.<span class=\"Apple-converted-space\">\u00a0 <\/span>Lo stesso generale, supportato dalla consorte, chiar\u00ec che il rapporto fu addomesticato dai suoi comandanti. In caserma quella notte<span class=\"Apple-converted-space\">\u00a0 <\/span>oltre a lui, a sua moglie e all&#8217;arrestato(morto), non vi era nessun altro. L&#8217;ultra novantenne generale, a processo concluso, disse che la verit\u00e0 di quegli anni la si trover\u00e0 in un memoriale da lui scritto che sar\u00e0 pubblicato dopo la sua morte.<br \/>\nOggi si sa che Salvatore Ferreri era un agente segreto che aveva operato per la resistenza fascista, accreditato presso i principi siciliani nostalgici,<span class=\"Apple-converted-space\">\u00a0 <\/span>infiltrato<span class=\"Apple-converted-space\">\u00a0 <\/span>nella banda di Salvatore Giuliano, dal Dot.Ettore Messana,ispettore Generale della PS in Sicilia. La morte del Salvatore Ferreri , di suo padre Vito, di suo zio Antonino Coraci, dei due fratelli Giuseppe e Filippo Pianello e di tanti altri era stata ordinata dalla mafia di Alcamo. Il 27\/06\/1947 furono uccisi perch\u00e9 a conoscenza dei retroscena della strage di Portella delle ginestre e degli altri delitti che la seguirono. Era la \u201cstrategia del terrore\u201d che<span class=\"Apple-converted-space\">\u00a0<\/span>fu disposta dagli Usa per<span class=\"Apple-converted-space\">\u00a0 <\/span>condizionare<span class=\"Apple-converted-space\">\u00a0 <\/span>i risultati delle future elezioni italiane a favore della coalizione dei partiti anti comunisti<span class=\"Apple-converted-space\">\u00a0 <\/span>e socialisti<span class=\"Apple-converted-space\">\u00a0 <\/span>a seguito della schiacciante vittoria elettorale regionale della coalizione di questi due partiti. Prove certe ed inequivocabili di quanto detto si ebbero alla desecretazione degli<span class=\"Apple-converted-space\">\u00a0 <\/span>archivi dei servizi segreti italiani ed alleati e dalle relazioni di ambasciate, carabinieri e diplomatici<span class=\"Apple-converted-space\">\u00a0 <\/span>che dettagliatamente descrivono incontri , pranzi e cene tra<span class=\"Apple-converted-space\">\u00a0 <\/span>ministri e deputati italiani, addetti militari Usa, carabinieri e vertici dell&#8217;onorata societ\u00e0. In quei mesi del 47 era indispensabile chiudere quel capitolo che avrebbe incriminato gli uomini politici italiani prescelti dai vincitori a tutelare i loro interessi.<\/p>\n","protected":false},"excerpt":{"rendered":"<p>Figlio dei coniugi Ferreri Vito e di Corace Maria, nacque il 13\/04\/1923 ad Alcamo, in provincia di Trapani. Antifascista,fascista, indipendentista e di poi annessionista ader\u00ec al CIS* e all&#8217;EVIS*e di poi divenne agente segreto per la polizia.\u00a0 Il Casarrubbea, che faceva ricerche circa la stretta collusione tra Dc, forze dell&#8217;ordine, fascisti, magistratura e mafia, sosteneva che il rapporto del Capitano&#8230; <a href=\"https:\/\/www.ilpiccone.it\/index.php\/salvatore-ferreri-2\/\">Read more &raquo;<\/a><\/p>\n","protected":false},"author":1,"featured_media":0,"parent":0,"menu_order":0,"comment_status":"closed","ping_status":"closed","template":"","meta":[],"_links":{"self":[{"href":"https:\/\/www.ilpiccone.it\/index.php\/wp-json\/wp\/v2\/pages\/1726"}],"collection":[{"href":"https:\/\/www.ilpiccone.it\/index.php\/wp-json\/wp\/v2\/pages"}],"about":[{"href":"https:\/\/www.ilpiccone.it\/index.php\/wp-json\/wp\/v2\/types\/page"}],"author":[{"embeddable":true,"href":"https:\/\/www.ilpiccone.it\/index.php\/wp-json\/wp\/v2\/users\/1"}],"replies":[{"embeddable":true,"href":"https:\/\/www.ilpiccone.it\/index.php\/wp-json\/wp\/v2\/comments?post=1726"}],"version-history":[{"count":1,"href":"https:\/\/www.ilpiccone.it\/index.php\/wp-json\/wp\/v2\/pages\/1726\/revisions"}],"predecessor-version":[{"id":1728,"href":"https:\/\/www.ilpiccone.it\/index.php\/wp-json\/wp\/v2\/pages\/1726\/revisions\/1728"}],"wp:attachment":[{"href":"https:\/\/www.ilpiccone.it\/index.php\/wp-json\/wp\/v2\/media?parent=1726"}],"curies":[{"name":"wp","href":"https:\/\/api.w.org\/{rel}","templated":true}]}}

<p class="p1">Figlio dei coniugi Ferreri Vito e di Corace Maria, nacque il 13/04/1923 ad Alcamo, in provincia di Trapani. Antifascista,fascista, indipendentista e di poi annessionista aderì al CIS* e all&#8217;EVIS*e di poi divenne agente segreto per la polizia.<span class="Apple-converted-space">  </span>Il Casarrubbea, che faceva ricerche circa la stretta collusione tra Dc, forze dell&#8217;ordine, fascisti, magistratura e mafia, sosteneva che il rapporto del Capitano Giallombardo riguardante lo scontro tra la banda del Ferreri ed<span class="Apple-converted-space">  </span>i carabinieri al suo<span class="Apple-converted-space">  </span>comando, reperibile a Roma, nell&#8217;archivio Città Giudiziaria, processo n.13/50 cartella7all.Z n.13 nascondeva sfacciatamente quanto effettivamente accaduto. Infatti altri documenti rinvenuti <span class="Apple-converted-space">  </span>nel fascicolo sulla constatazione dell&#8217;accaduto e la descrizione delle ferite<span class="Apple-converted-space">  </span>rilevate dal medico incaricato della descrizione dei cadaveri rinvenuti rendono un quadro tale da escludere che i fatti si siano svolti come indicati nel<span class="Apple-converted-space">  </span>rapporto di quel capitano. Prova definitiva che confermò quanto verbalizzato dal perito medico che<span class="Apple-converted-space">  </span>effettuò la descrizione delle lesioni reperite sul cadavere fu la <span class="Apple-converted-space">  </span>fotografia che ritrae il Ferreri<span class="Apple-converted-space">  </span>nella bara.<span class="Apple-converted-space">    </span>Sul suo volto del deceduto non vi è traccia<span class="Apple-converted-space">  </span>dei due colpi di pistola che il Capitano Roberto Giallombardo, riferisce di avergli sparato in fronte.<br />
Il Capitano, che nel frattempo era divenuto generale a riposo, malgrado la tarda età, immediatamente<span class="Apple-converted-space">  </span>querelò Casarrubbea per diffamazione. Il processo che assolse il Casarrubbea si concluse nel 2007.<span class="Apple-converted-space">  </span>Lo stesso generale, supportato dalla consorte, chiarì che il rapporto fu addomesticato dai suoi comandanti. In caserma quella notte<span class="Apple-converted-space">  </span>oltre a lui, a sua moglie e all&#8217;arrestato(morto), non vi era nessun altro. L&#8217;ultra novantenne generale, a processo concluso, disse che la verità di quegli anni la si troverà in un memoriale da lui scritto che sarà pubblicato dopo la sua morte.<br />
Oggi si sa che Salvatore Ferreri era un agente segreto che aveva operato per la resistenza fascista, accreditato presso i principi siciliani nostalgici,<span class="Apple-converted-space">  </span>infiltrato<span class="Apple-converted-space">  </span>nella banda di Salvatore Giuliano, dal Dot.Ettore Messana,ispettore Generale della PS in Sicilia. La morte del Salvatore Ferreri , di suo padre Vito, di suo zio Antonino Coraci, dei due fratelli Giuseppe e Filippo Pianello e di tanti altri era stata ordinata dalla mafia di Alcamo. Il 27/06/1947 furono uccisi perché a conoscenza dei retroscena della strage di Portella delle ginestre e degli altri delitti che la seguirono. Era la “strategia del terrore” che<span class="Apple-converted-space"> </span>fu disposta dagli Usa per<span class="Apple-converted-space">  </span>condizionare<span class="Apple-converted-space">  </span>i risultati delle future elezioni italiane a favore della coalizione dei partiti anti comunisti<span class="Apple-converted-space">  </span>e socialisti<span class="Apple-converted-space">  </span>a seguito della schiacciante vittoria elettorale regionale della coalizione di questi due partiti. Prove certe ed inequivocabili di quanto detto si ebbero alla desecretazione degli<span class="Apple-converted-space">  </span>archivi dei servizi segreti italiani ed alleati e dalle relazioni di ambasciate, carabinieri e diplomatici<span class="Apple-converted-space">  </span>che dettagliatamente descrivono incontri , pranzi e cene tra<span class="Apple-converted-space">  </span>ministri e deputati italiani, addetti militari Usa, carabinieri e vertici dell&#8217;onorata società. In quei mesi del 47 era indispensabile chiudere quel capitolo che avrebbe incriminato gli uomini politici italiani prescelti dai vincitori a tutelare i loro interessi.</p>

<p>Figlio dei coniugi Ferreri Vito e di Corace Maria, nacque il 13/04/1923 ad Alcamo, in provincia di Trapani. Antifascista,fascista, indipendentista e di poi annessionista aderì al CIS* e all&#8217;EVIS*e di poi divenne agente segreto per la polizia.  Il Casarrubbea, che faceva ricerche circa la stretta collusione tra Dc, forze dell&#8217;ordine, fascisti, magistratura e mafia, sosteneva che il rapporto del Capitano&#8230; <a href="https://www.ilpiccone.it/index.php/salvatore-ferreri-2/">Read more &raquo;</a></p>
