



{"id":1633,"date":"2016-02-08T18:25:17","date_gmt":"2016-02-08T17:25:17","guid":{"rendered":"http:\/\/ilpiccone.it\/wp\/?page_id=1633"},"modified":"2016-04-12T12:01:30","modified_gmt":"2016-04-12T11:01:30","slug":"bernardo-mattarella","status":"publish","type":"page","link":"https:\/\/www.ilpiccone.it\/index.php\/bernardo-mattarella\/","title":{"rendered":"Bernardo Mattarella"},"content":{"rendered":"<p class=\"p1\" style=\"text-align: justify;\">Nato a Castellammare del Golfo, in provincia di Trapani il 15\/09\/1905, mor\u00ec a Roma il primo marzo 1971. Nel 1933 spos\u00f2 Maria Buccellato ed ebbero sette figli. F\u00f9 un cattolico ed un antifascista<span class=\"Apple-converted-space\">\u00a0 <\/span>amico di Luigi Sturzo *. Partecip\u00f2 in Roma ad alcune riunioni clandestine con Alcide De Gasperi per la costituzione del<span class=\"Apple-converted-space\">\u00a0 <\/span>Partito DC. Divenne segretario regionale del partito DC siciliano. Nei primi due governi del Comitato di Liberazione Nazionale<span class=\"Apple-converted-space\">\u00a0 <\/span>presieduti da Ivano e Bonomi<span class=\"Apple-converted-space\">\u00a0 <\/span>fu ministro.<span class=\"Apple-converted-space\">\u00a0 <\/span>Alcide De Gasperi segretario nazionale del Partito Democristiano, lo volle Vicesegretario Nazionale. Fu eletto deputato all&#8217;assemblea costituente e poi<span class=\"Apple-converted-space\">\u00a0 <\/span>al Parlamento della Repubblica<span class=\"Apple-converted-space\">\u00a0 <\/span>sempre nel collegio di Trapani<span class=\"Apple-converted-space\">\u00a0 <\/span>e divenne Ministro<span class=\"Apple-converted-space\">\u00a0 <\/span>del Commercio, delle Poste Telecomunicazioni, dei Trasporti et cetera. <span class=\"Apple-converted-space\">\u00a0 <\/span>Nel<span class=\"Apple-converted-space\">\u00a0 <\/span>1943 scrisse una lettera a Don Sturzo a riguardo del Partito Separatista Siciliano e della nuova e preoccupante attivit\u00e0<span class=\"Apple-converted-space\">\u00a0 <\/span>di banditi e mafiosi rilanciata dai feudatari e dai liberali che finanziavano separatisti e indipendentisti. Avrebbe<span class=\"Apple-converted-space\">\u00a0 <\/span>anche segnalato, al Segretario Nazionale<span class=\"Apple-converted-space\">\u00a0 <\/span>DC De Gasperi, il pericolo che elementi mafiosi si infiltrassero nel partito. Nel 1958 in una intervista<span class=\"Apple-converted-space\">\u00a0 <\/span>dichiar\u00f2 <span class=\"Apple-converted-space\">\u00a0 <\/span>di ritenere utile che venisse istituita la Commissione Parlamentare<span class=\"Apple-converted-space\">\u00a0 <\/span>di inchiesta sul fenomeno mafioso. Quindi un antagonista della mafia se condivideva la richiesta che dal 1950 il parlamentare PCI Li Causi inutilmente formulava. Numerosi<span class=\"Apple-converted-space\">\u00a0 <\/span><a href=\"http:\/\/ilpiccone.it\/wp\/index.php\/detrattori\/\" target=\"_blank\">detrattori<\/a><span class=\"Apple-converted-space\">\u00a0<\/span>invece lo ritennero tutto il contrario.<br \/>\nL&#8217;On.Li Causi, in una con Gaspare Pisciotta ed altri componenti della banda di Salvatore Giuliano,<span class=\"Apple-converted-space\">\u00a0 <\/span>nel processo che segu\u00ec alla \u201cStrage di Portella delle ginestre\u201d lo accusarono di essere uno degli Onorevoli Dc che disponeva e si rapportava con i mafiosi ed i banditi assoldati dalla Dc e suoi alleati.<span class=\"Apple-converted-space\">\u00a0<\/span>Quella sentenza conferm\u00f2 il comunicato rilasciato, nell&#8217;immediatezza della strage, dall&#8217;Onorevole Ministro degli Interni Mario Scelba e non svilupp\u00f2 indagini nella direzione indicata dal Li Causi. Le accuse di mafia mosse a carico dell&#8217;On.Mattarella dal sociologo Danilo Dolci<span class=\"Apple-converted-space\">\u00a0 <\/span>furono ritenute diffamatorie e<span class=\"Apple-converted-space\">\u00a0 <\/span>il Dolci fu<span class=\"Apple-converted-space\">\u00a0<\/span>definitivamente condannato.<span class=\"Apple-converted-space\">\u00a0<\/span>Non fu incarcerato grazie al condono. Resta per\u00f2 che<span class=\"Apple-converted-space\">\u00a0<\/span>l&#8217;On.Pio La Torre* parlamentare PCI,\u00a0nella relazione di minoranza della Commissione Parlamentare anti<span class=\"Apple-converted-space\">\u00a0 <\/span>mafia, riferendosi agli anni 1948 fino al 1955 indic\u00f2 l&#8217;On. Bernardo Mattarella<span class=\"Apple-converted-space\">\u00a0 <\/span>\u201c&#8230;.il leader politico che aveva traghettato la mafia del partito separatista alla Dc..\u201d<\/p>\n","protected":false},"excerpt":{"rendered":"<p>Nato a Castellammare del Golfo, in provincia di Trapani il 15\/09\/1905, mor\u00ec a Roma il primo marzo 1971. Nel 1933 spos\u00f2 Maria Buccellato ed ebbero sette figli. F\u00f9 un cattolico ed un antifascista\u00a0 amico di Luigi Sturzo *. Partecip\u00f2 in Roma ad alcune riunioni clandestine con Alcide De Gasperi per la costituzione del\u00a0 Partito DC. Divenne segretario regionale del partito&#8230; <a href=\"https:\/\/www.ilpiccone.it\/index.php\/bernardo-mattarella\/\">Read more &raquo;<\/a><\/p>\n","protected":false},"author":1,"featured_media":0,"parent":0,"menu_order":0,"comment_status":"closed","ping_status":"closed","template":"page-templates\/full-width.php","meta":[],"_links":{"self":[{"href":"https:\/\/www.ilpiccone.it\/index.php\/wp-json\/wp\/v2\/pages\/1633"}],"collection":[{"href":"https:\/\/www.ilpiccone.it\/index.php\/wp-json\/wp\/v2\/pages"}],"about":[{"href":"https:\/\/www.ilpiccone.it\/index.php\/wp-json\/wp\/v2\/types\/page"}],"author":[{"embeddable":true,"href":"https:\/\/www.ilpiccone.it\/index.php\/wp-json\/wp\/v2\/users\/1"}],"replies":[{"embeddable":true,"href":"https:\/\/www.ilpiccone.it\/index.php\/wp-json\/wp\/v2\/comments?post=1633"}],"version-history":[{"count":4,"href":"https:\/\/www.ilpiccone.it\/index.php\/wp-json\/wp\/v2\/pages\/1633\/revisions"}],"predecessor-version":[{"id":1709,"href":"https:\/\/www.ilpiccone.it\/index.php\/wp-json\/wp\/v2\/pages\/1633\/revisions\/1709"}],"wp:attachment":[{"href":"https:\/\/www.ilpiccone.it\/index.php\/wp-json\/wp\/v2\/media?parent=1633"}],"curies":[{"name":"wp","href":"https:\/\/api.w.org\/{rel}","templated":true}]}}

<p class="p1" style="text-align: justify;">Nato a Castellammare del Golfo, in provincia di Trapani il 15/09/1905, morì a Roma il primo marzo 1971. Nel 1933 sposò Maria Buccellato ed ebbero sette figli. Fù un cattolico ed un antifascista<span class="Apple-converted-space">  </span>amico di Luigi Sturzo *. Partecipò in Roma ad alcune riunioni clandestine con Alcide De Gasperi per la costituzione del<span class="Apple-converted-space">  </span>Partito DC. Divenne segretario regionale del partito DC siciliano. Nei primi due governi del Comitato di Liberazione Nazionale<span class="Apple-converted-space">  </span>presieduti da Ivano e Bonomi<span class="Apple-converted-space">  </span>fu ministro.<span class="Apple-converted-space">  </span>Alcide De Gasperi segretario nazionale del Partito Democristiano, lo volle Vicesegretario Nazionale. Fu eletto deputato all&#8217;assemblea costituente e poi<span class="Apple-converted-space">  </span>al Parlamento della Repubblica<span class="Apple-converted-space">  </span>sempre nel collegio di Trapani<span class="Apple-converted-space">  </span>e divenne Ministro<span class="Apple-converted-space">  </span>del Commercio, delle Poste Telecomunicazioni, dei Trasporti et cetera. <span class="Apple-converted-space">  </span>Nel<span class="Apple-converted-space">  </span>1943 scrisse una lettera a Don Sturzo a riguardo del Partito Separatista Siciliano e della nuova e preoccupante attività<span class="Apple-converted-space">  </span>di banditi e mafiosi rilanciata dai feudatari e dai liberali che finanziavano separatisti e indipendentisti. Avrebbe<span class="Apple-converted-space">  </span>anche segnalato, al Segretario Nazionale<span class="Apple-converted-space">  </span>DC De Gasperi, il pericolo che elementi mafiosi si infiltrassero nel partito. Nel 1958 in una intervista<span class="Apple-converted-space">  </span>dichiarò <span class="Apple-converted-space">  </span>di ritenere utile che venisse istituita la Commissione Parlamentare<span class="Apple-converted-space">  </span>di inchiesta sul fenomeno mafioso. Quindi un antagonista della mafia se condivideva la richiesta che dal 1950 il parlamentare PCI Li Causi inutilmente formulava. Numerosi<span class="Apple-converted-space">  </span><a href="http://ilpiccone.it/wp/index.php/detrattori/" target="_blank">detrattori</a><span class="Apple-converted-space"> </span>invece lo ritennero tutto il contrario.<br />
L&#8217;On.Li Causi, in una con Gaspare Pisciotta ed altri componenti della banda di Salvatore Giuliano,<span class="Apple-converted-space">  </span>nel processo che seguì alla “Strage di Portella delle ginestre” lo accusarono di essere uno degli Onorevoli Dc che disponeva e si rapportava con i mafiosi ed i banditi assoldati dalla Dc e suoi alleati.<span class="Apple-converted-space"> </span>Quella sentenza confermò il comunicato rilasciato, nell&#8217;immediatezza della strage, dall&#8217;Onorevole Ministro degli Interni Mario Scelba e non sviluppò indagini nella direzione indicata dal Li Causi. Le accuse di mafia mosse a carico dell&#8217;On.Mattarella dal sociologo Danilo Dolci<span class="Apple-converted-space">  </span>furono ritenute diffamatorie e<span class="Apple-converted-space">  </span>il Dolci fu<span class="Apple-converted-space"> </span>definitivamente condannato.<span class="Apple-converted-space"> </span>Non fu incarcerato grazie al condono. Resta però che<span class="Apple-converted-space"> </span>l&#8217;On.Pio La Torre* parlamentare PCI, nella relazione di minoranza della Commissione Parlamentare anti<span class="Apple-converted-space">  </span>mafia, riferendosi agli anni 1948 fino al 1955 indicò l&#8217;On. Bernardo Mattarella<span class="Apple-converted-space">  </span>“&#8230;.il leader politico che aveva traghettato la mafia del partito separatista alla Dc..”</p>

<p>Nato a Castellammare del Golfo, in provincia di Trapani il 15/09/1905, morì a Roma il primo marzo 1971. Nel 1933 sposò Maria Buccellato ed ebbero sette figli. Fù un cattolico ed un antifascista  amico di Luigi Sturzo *. Partecipò in Roma ad alcune riunioni clandestine con Alcide De Gasperi per la costituzione del  Partito DC. Divenne segretario regionale del partito&#8230; <a href="https://www.ilpiccone.it/index.php/bernardo-mattarella/">Read more &raquo;</a></p>
