



{"id":1622,"date":"2016-02-08T18:09:15","date_gmt":"2016-02-08T17:09:15","guid":{"rendered":"http:\/\/ilpiccone.it\/wp\/?page_id=1622"},"modified":"2016-02-08T18:09:15","modified_gmt":"2016-02-08T17:09:15","slug":"salvatore-ferreri","status":"publish","type":"page","link":"https:\/\/www.ilpiccone.it\/index.php\/salvatore-ferreri\/","title":{"rendered":"Salvatore Ferreri"},"content":{"rendered":"<p class=\"p1\" style=\"text-align: justify;\">Figlio dei coniugi Ferreri Vito e di Corace Maria, nacque il 13\/04\/1923 ad Alcamo, in provincia di Trapani. Antifascista,fascista, indipendentista e di poi\u00a0annessionista\u00a0ader\u00ec al CIS* e\u00a0all&#8217;EVIS*.<span class=\"Apple-converted-space\">\u00a0 <\/span>Il Casarrubbea, che faceva ricerche circa la stretta collusione tra Dc, forze dell&#8217;ordine, magistratura e mafia, sosteneva che il rapporto del Capitano Giallombardo reperibile a Roma, nell&#8217;archivio Citt\u00e0 Giudiziaria, processo n.13\/50 cartella7all.Z n.13 era un falso ideologico. I documenti rinvenuti in quell&#8217;archivio relativi a quello scontro tra banditi e carabinieri circa la constatazione dell&#8217;accaduto, e la descrizione delle ferite<span class=\"Apple-converted-space\">\u00a0 <\/span>rilevate dal medico incaricato della descrizione dei cadaveri rinvenuti rendono un quadro tale da\u00a0escludere\u00a0che i fatti si siano svolti come le forze dell&#8217;ordine\u00a0sostennero. Inoltre la <span class=\"Apple-converted-space\">\u00a0 <\/span>fotografia che ritrae il Ferreri<span class=\"Apple-converted-space\">\u00a0 <\/span>nella bara,<span class=\"Apple-converted-space\">\u00a0 <\/span>mostra che<span class=\"Apple-converted-space\">\u00a0 <\/span>sul suo volto non vi \u00e8 traccia<span class=\"Apple-converted-space\">\u00a0 <\/span>dei due colpi di pistola che il Capitano Roberto Giallombardo, riferisce di avergli sparato in fronte. Il Capitano, che nel frattempo era divenuto Generale, immediatamente<span class=\"Apple-converted-space\">\u00a0 <\/span>querel\u00f2 Casarrubbea per\u00a0diffamazione. Il processo che assolse il\u00a0Casarrubbea si concluse nel 2007. Chiar\u00ec che il rapporto\u00a0fu\u00a0addomesticato dai\u00a0comandanti dell&#8217;allora capitano, che in caserma<span class=\"Apple-converted-space\">\u00a0 <\/span>oltre a lui, a sua moglie e all&#8217;arrestato(morto), non vi era nessun altro. L&#8217;ultra novantenne generale, a processo concluso, disse che la verit\u00e0 di quegli anni la si trover\u00e0 in un memoriale da lui scritto che sar\u00e0 pubblicato dopo la sua morte.<br \/>\nOggi si sa che Salvatore Ferreri era un agente segreto che aveva operato per la resistenza fascista, accreditato presso i principi siciliani nostalgici,<span class=\"Apple-converted-space\">\u00a0 <\/span>infiltrato dal Dot.Ettore Messana,Ispettore Generale della PS in Sicilia<span class=\"Apple-converted-space\">\u00a0 <\/span>nella banda di Salvatore Giuliano, e che la morte del Salvatore Ferreri , di suo padre Vito, di suo zio Antonino Coraci, dei due fratelli Giuseppe e Filippo Pianello e di tanti altri era stata ordinata dalla mafia di Alcamo, uccisi il 27\/06\/1947\u00a0perch\u00e9\u00a0a conoscenza dei retroscena della strage di Portella delle ginestre e degli\u00a0altri delitti che le seguirono.<\/p>\n","protected":false},"excerpt":{"rendered":"<p>Figlio dei coniugi Ferreri Vito e di Corace Maria, nacque il 13\/04\/1923 ad Alcamo, in provincia di Trapani. Antifascista,fascista, indipendentista e di poi\u00a0annessionista\u00a0ader\u00ec al CIS* e\u00a0all&#8217;EVIS*.\u00a0 Il Casarrubbea, che faceva ricerche circa la stretta collusione tra Dc, forze dell&#8217;ordine, magistratura e mafia, sosteneva che il rapporto del Capitano Giallombardo reperibile a Roma, nell&#8217;archivio Citt\u00e0 Giudiziaria, processo n.13\/50 cartella7all.Z n.13 era&#8230; <a href=\"https:\/\/www.ilpiccone.it\/index.php\/salvatore-ferreri\/\">Read more &raquo;<\/a><\/p>\n","protected":false},"author":1,"featured_media":0,"parent":0,"menu_order":0,"comment_status":"closed","ping_status":"closed","template":"","meta":[],"_links":{"self":[{"href":"https:\/\/www.ilpiccone.it\/index.php\/wp-json\/wp\/v2\/pages\/1622"}],"collection":[{"href":"https:\/\/www.ilpiccone.it\/index.php\/wp-json\/wp\/v2\/pages"}],"about":[{"href":"https:\/\/www.ilpiccone.it\/index.php\/wp-json\/wp\/v2\/types\/page"}],"author":[{"embeddable":true,"href":"https:\/\/www.ilpiccone.it\/index.php\/wp-json\/wp\/v2\/users\/1"}],"replies":[{"embeddable":true,"href":"https:\/\/www.ilpiccone.it\/index.php\/wp-json\/wp\/v2\/comments?post=1622"}],"version-history":[{"count":1,"href":"https:\/\/www.ilpiccone.it\/index.php\/wp-json\/wp\/v2\/pages\/1622\/revisions"}],"predecessor-version":[{"id":1625,"href":"https:\/\/www.ilpiccone.it\/index.php\/wp-json\/wp\/v2\/pages\/1622\/revisions\/1625"}],"wp:attachment":[{"href":"https:\/\/www.ilpiccone.it\/index.php\/wp-json\/wp\/v2\/media?parent=1622"}],"curies":[{"name":"wp","href":"https:\/\/api.w.org\/{rel}","templated":true}]}}

<p class="p1" style="text-align: justify;">Figlio dei coniugi Ferreri Vito e di Corace Maria, nacque il 13/04/1923 ad Alcamo, in provincia di Trapani. Antifascista,fascista, indipendentista e di poi annessionista aderì al CIS* e all&#8217;EVIS*.<span class="Apple-converted-space">  </span>Il Casarrubbea, che faceva ricerche circa la stretta collusione tra Dc, forze dell&#8217;ordine, magistratura e mafia, sosteneva che il rapporto del Capitano Giallombardo reperibile a Roma, nell&#8217;archivio Città Giudiziaria, processo n.13/50 cartella7all.Z n.13 era un falso ideologico. I documenti rinvenuti in quell&#8217;archivio relativi a quello scontro tra banditi e carabinieri circa la constatazione dell&#8217;accaduto, e la descrizione delle ferite<span class="Apple-converted-space">  </span>rilevate dal medico incaricato della descrizione dei cadaveri rinvenuti rendono un quadro tale da escludere che i fatti si siano svolti come le forze dell&#8217;ordine sostennero. Inoltre la <span class="Apple-converted-space">  </span>fotografia che ritrae il Ferreri<span class="Apple-converted-space">  </span>nella bara,<span class="Apple-converted-space">  </span>mostra che<span class="Apple-converted-space">  </span>sul suo volto non vi è traccia<span class="Apple-converted-space">  </span>dei due colpi di pistola che il Capitano Roberto Giallombardo, riferisce di avergli sparato in fronte. Il Capitano, che nel frattempo era divenuto Generale, immediatamente<span class="Apple-converted-space">  </span>querelò Casarrubbea per diffamazione. Il processo che assolse il Casarrubbea si concluse nel 2007. Chiarì che il rapporto fu addomesticato dai comandanti dell&#8217;allora capitano, che in caserma<span class="Apple-converted-space">  </span>oltre a lui, a sua moglie e all&#8217;arrestato(morto), non vi era nessun altro. L&#8217;ultra novantenne generale, a processo concluso, disse che la verità di quegli anni la si troverà in un memoriale da lui scritto che sarà pubblicato dopo la sua morte.<br />
Oggi si sa che Salvatore Ferreri era un agente segreto che aveva operato per la resistenza fascista, accreditato presso i principi siciliani nostalgici,<span class="Apple-converted-space">  </span>infiltrato dal Dot.Ettore Messana,Ispettore Generale della PS in Sicilia<span class="Apple-converted-space">  </span>nella banda di Salvatore Giuliano, e che la morte del Salvatore Ferreri , di suo padre Vito, di suo zio Antonino Coraci, dei due fratelli Giuseppe e Filippo Pianello e di tanti altri era stata ordinata dalla mafia di Alcamo, uccisi il 27/06/1947 perché a conoscenza dei retroscena della strage di Portella delle ginestre e degli altri delitti che le seguirono.</p>

<p>Figlio dei coniugi Ferreri Vito e di Corace Maria, nacque il 13/04/1923 ad Alcamo, in provincia di Trapani. Antifascista,fascista, indipendentista e di poi annessionista aderì al CIS* e all&#8217;EVIS*.  Il Casarrubbea, che faceva ricerche circa la stretta collusione tra Dc, forze dell&#8217;ordine, magistratura e mafia, sosteneva che il rapporto del Capitano Giallombardo reperibile a Roma, nell&#8217;archivio Città Giudiziaria, processo n.13/50 cartella7all.Z n.13 era&#8230; <a href="https://www.ilpiccone.it/index.php/salvatore-ferreri/">Read more &raquo;</a></p>
