



{"id":1358,"date":"2015-12-15T16:03:27","date_gmt":"2015-12-15T15:03:27","guid":{"rendered":"http:\/\/ilpiccone.it\/wp\/?page_id=1358"},"modified":"2016-04-12T11:03:39","modified_gmt":"2016-04-12T10:03:39","slug":"pietro-grasso","status":"publish","type":"page","link":"https:\/\/www.ilpiccone.it\/index.php\/pietro-grasso\/","title":{"rendered":"Pietro Grasso"},"content":{"rendered":"<p class=\"p1\">Pidiessino,presidente del Senato.<span class=\"Apple-converted-space\">\u00a0 <\/span>Nacque a Licata(Agrigento) nel 1946, inizi\u00f2 la carriera di magistrato quale pretore a Barrafranca (Enna) nel 1969. Nel 1972 lo si trova al Tribunale di Palermo. Nel 1980 gli \u00e8 assegnata l&#8217;inchiesta riguardante l&#8217;omicidio di PIERSANTI MATTARELLA Presidente della regione Sicilia. In tale processo , cos\u00ec come<span class=\"Apple-converted-space\">\u00a0 <\/span>Leonardo Sciascia, da subito aveva previsto, risult\u00f2 la responsabilit\u00e0 di elementi mafiosi e il coinvolgimento<span class=\"Apple-converted-space\">\u00a0 <\/span>di politici.<br \/>\n<span style=\"line-height: 1.71429; font-size: 1rem;\">il Giudice Pietro Grasso ebbe a ritenere quell&#8217;omicidio politico come preventivo e conservativo, voluto da qualche puparo che manovr\u00f2 per impedire il compromesso storico DC e PCI.<\/span>\u00a0 <span style=\"line-height: 1.71429; font-size: 1rem;\">A noi risult\u00f2 che la mafia, interessata alla conservazione delle collusioni con le amministrazioni pubbliche,<\/span>\u00a0 <span style=\"line-height: 1.71429; font-size: 1rem;\">si serv\u00ec di un noto terrorista di estrema destra fatto venire dal<\/span>\u00a0 <span style=\"line-height: 1.71429; font-size: 1rem;\">continente in cambio dell&#8217;evasione di un altro terrorista amico del Killer, detenuto nel Carcere dell&#8217;ucciardone, che poi si rifiut\u00f2 di evadere.<\/span>\u00a0 <span style=\"line-height: 1.71429; font-size: 1rem;\">All&#8217;epoca dei fatti<\/span>\u00a0 <span style=\"line-height: 1.71429; font-size: 1rem;\">a Palermo si diceva che i pupari fossero politici DC<\/span>\u00a0 <span style=\"line-height: 1.71429; font-size: 1rem;\">che si sentivano in pericolo. Altri<\/span>\u00a0 <span style=\"line-height: 1.71429; font-size: 1rem;\">che il tutto doveva inquadrarsi nella lotta<\/span>\u00a0 <span style=\"line-height: 1.71429; font-size: 1rem;\">per la supremazia tra due leader Dc.<br \/>\n<\/span>A seguito di tale inchiesta il Dot.Grasso ebbe a definire la vittima \u201c..un democristiano onesto che&#8230;\u201dStava provando a realizzare un nuovo progetto politico amministrativo&#8230;di moralizzazione della vita pubblica&#8230;che aveva turbato il sistema degli appalti pubblici in Sicilia..\u201d<span class=\"Apple-converted-space\">\u00a0 <\/span>Nel 1985 il<span class=\"Apple-converted-space\">\u00a0 <\/span>magistrato Piero Grasso \u00e8 nominato Giudice a latere nel \u201cmaxi processo a cosa nostra\u201d, amico e \u201cdiscepolo\u201d di Giovanni Falcone ,fu incaricato di estendere e motivare la corposissima sentenza del maxi processo. Concluso il processo venne nominato consulente della Commissione antimafia e nel<span class=\"Apple-converted-space\">\u00a0 <\/span>1991<span class=\"Apple-converted-space\">\u00a0 <\/span>consigliere alla Direzione affari penali del Ministero della Giustizia da Claudio Martelli. Dopo la strage di Capaci e l&#8217;assassinio di Giovanni Falcone lo sostitu\u00ec alla Commissione Centrale gestione pentiti. Nominato da Vigna Procuratore aggiunto presso la Direzione Nazionale Anti mafia( DIA) \u00e8 applicato alle Procure di Firenze e Palermo per indagini sulle stragi del 92 e 93.<br \/>\nNel 2004 si cominci\u00f2 a notare tra i segretari dei partiti l&#8217;interesse per la prossima nomina alla carica di Procuratore Nazionale Antimafia che il CNM avrebbe dovuto effettuare stante che nel gennaio 2005 sarebbe scaduto il mandato<span class=\"Apple-converted-space\">\u00a0 <\/span>del Procuratore in carica<span class=\"Apple-converted-space\">\u00a0 <\/span>Pierluigi Vigna per collocamento a riposo. Titolati per tale funzione risultavano Piero Grasso Procuratore Antimafia aggiunto e Giancarlo Caselli procuratore capo a Palermo . Quest&#8217;ultimo non era molto gradito al PDL stante che aveva messo sotto processo il senatore Marcello Del&#8217;Utri ritenuto responsabile quale procuratore FININVEST di aver messo in contatto il presidente On. Berlusconi con i vertici mafiosi siciliani, affiancandogli<span class=\"Apple-converted-space\">\u00a0 <\/span>Vittorio Mangano un pregiudicato che Borsellino defin\u00ec \u201cLa testa di ponte dell&#8217;organizzazione mafiosa al Nord\u201d<span class=\"Apple-converted-space\">\u00a0 <\/span>e che gli avrebbe garantito la protezione da azioni criminose in cambio di generosi versamenti annuali alla famiglia. Forse per questa strana idea del Caselli,<span class=\"Apple-converted-space\">\u00a0 <\/span>L&#8217;On. Luigi Bobbio di AN( alleato F.I) aveva PRECISATO: \u201coccorre la certezza che Caselli non sia nominato Procuratore Nazionale Anti mafia\u201d. Destino volle che la legge Castelli \u201cMille Proroghe\u201d prorogasse di altri<span class=\"Apple-converted-space\">\u00a0 <\/span>sei mesi al Dot. Vigna l&#8217;incarico che sarebbe scaduto<span class=\"Apple-converted-space\">\u00a0 <\/span>i primi di gennaio 2005 e che l&#8217;emendamento dell&#8217;On. Bobbio fissasse il limite di et\u00e0 del giudice al quale conferire l&#8217;incarico di Procuratore Nazionale Antimafia. F\u00f9 cos\u00ec<span class=\"Apple-converted-space\">\u00a0 <\/span>che per soli tre mesi<span class=\"Apple-converted-space\">\u00a0 <\/span>il Caselli si trov\u00f2 escluso dal concorso.Fu nominato Grasso. Oltre a tale coincidenza, certi dietrologi, che anche tra i nostri aderenti si allineano<span class=\"Apple-converted-space\">\u00a0 <\/span>(sono una corrente trasversale tra le pi\u00f9 disparate associazioni) ritengono sospetta anche una intervista radiofonica che l&#8217;On. Grasso ebbe a fare,<span class=\"Apple-converted-space\">\u00a0 <\/span>poco tempo dopo ad essere stato eletto senatore Pc.<span class=\"Apple-converted-space\">\u00a0 \u00a0 <\/span>In detta intervista sostenne che era da attribuirsi al Presidente Berlusconi un premio per l&#8217;opera da Lui svolta nella lotta contro la mafia, e riconoscersi<span class=\"Apple-converted-space\">\u00a0 <\/span>a Vittorio Mangano ( scudiero di Berlusconi, uomo di Dell&#8217;Utri e della mafia) la coerenza e la<span class=\"Apple-converted-space\">\u00a0 <\/span>integrit\u00e0 morale che lo distinguevano.Per i trasversalisti sostenitori del complotto golpista sarebbe il messaggio \u201csubliminale\u201d volto ad assicurare il Cavaliere circa la prosecuzione della<span class=\"Apple-converted-space\">\u00a0 <\/span>funzione d&#8217;intermediario e garante degli accordi intercorsi con il Pd. Si tratterebbe della conferma della politica <span class=\"Apple-converted-space\">\u00a0 <\/span>di distensione tra i LEADERS che sarebbe<span class=\"Apple-converted-space\">\u00a0 <\/span>gi\u00e0 stata attuata dal Vigna per le indagini mafiose e confermata<span class=\"Apple-converted-space\">\u00a0 <\/span>dal Csm nella vicenda relativa al siluramento del Procuratore Giancarlo Caselli.<\/p>\n","protected":false},"excerpt":{"rendered":"<p>Pidiessino,presidente del Senato.\u00a0 Nacque a Licata(Agrigento) nel 1946, inizi\u00f2 la carriera di magistrato quale pretore a Barrafranca (Enna) nel 1969. Nel 1972 lo si trova al Tribunale di Palermo. Nel 1980 gli \u00e8 assegnata l&#8217;inchiesta riguardante l&#8217;omicidio di PIERSANTI MATTARELLA Presidente della regione Sicilia. In tale processo , cos\u00ec come\u00a0 Leonardo Sciascia, da subito aveva previsto, risult\u00f2 la responsabilit\u00e0 di&#8230; <a href=\"https:\/\/www.ilpiccone.it\/index.php\/pietro-grasso\/\">Read more &raquo;<\/a><\/p>\n","protected":false},"author":1,"featured_media":0,"parent":0,"menu_order":0,"comment_status":"closed","ping_status":"closed","template":"page-templates\/full-width.php","meta":[],"_links":{"self":[{"href":"https:\/\/www.ilpiccone.it\/index.php\/wp-json\/wp\/v2\/pages\/1358"}],"collection":[{"href":"https:\/\/www.ilpiccone.it\/index.php\/wp-json\/wp\/v2\/pages"}],"about":[{"href":"https:\/\/www.ilpiccone.it\/index.php\/wp-json\/wp\/v2\/types\/page"}],"author":[{"embeddable":true,"href":"https:\/\/www.ilpiccone.it\/index.php\/wp-json\/wp\/v2\/users\/1"}],"replies":[{"embeddable":true,"href":"https:\/\/www.ilpiccone.it\/index.php\/wp-json\/wp\/v2\/comments?post=1358"}],"version-history":[{"count":11,"href":"https:\/\/www.ilpiccone.it\/index.php\/wp-json\/wp\/v2\/pages\/1358\/revisions"}],"predecessor-version":[{"id":1711,"href":"https:\/\/www.ilpiccone.it\/index.php\/wp-json\/wp\/v2\/pages\/1358\/revisions\/1711"}],"wp:attachment":[{"href":"https:\/\/www.ilpiccone.it\/index.php\/wp-json\/wp\/v2\/media?parent=1358"}],"curies":[{"name":"wp","href":"https:\/\/api.w.org\/{rel}","templated":true}]}}

<p class="p1">Pidiessino,presidente del Senato.<span class="Apple-converted-space">  </span>Nacque a Licata(Agrigento) nel 1946, iniziò la carriera di magistrato quale pretore a Barrafranca (Enna) nel 1969. Nel 1972 lo si trova al Tribunale di Palermo. Nel 1980 gli è assegnata l&#8217;inchiesta riguardante l&#8217;omicidio di PIERSANTI MATTARELLA Presidente della regione Sicilia. In tale processo , così come<span class="Apple-converted-space">  </span>Leonardo Sciascia, da subito aveva previsto, risultò la responsabilità di elementi mafiosi e il coinvolgimento<span class="Apple-converted-space">  </span>di politici.<br />
<span style="line-height: 1.71429; font-size: 1rem;">il Giudice Pietro Grasso ebbe a ritenere quell&#8217;omicidio politico come preventivo e conservativo, voluto da qualche puparo che manovrò per impedire il compromesso storico DC e PCI.</span>  <span style="line-height: 1.71429; font-size: 1rem;">A noi risultò che la mafia, interessata alla conservazione delle collusioni con le amministrazioni pubbliche,</span>  <span style="line-height: 1.71429; font-size: 1rem;">si servì di un noto terrorista di estrema destra fatto venire dal</span>  <span style="line-height: 1.71429; font-size: 1rem;">continente in cambio dell&#8217;evasione di un altro terrorista amico del Killer, detenuto nel Carcere dell&#8217;ucciardone, che poi si rifiutò di evadere.</span>  <span style="line-height: 1.71429; font-size: 1rem;">All&#8217;epoca dei fatti</span>  <span style="line-height: 1.71429; font-size: 1rem;">a Palermo si diceva che i pupari fossero politici DC</span>  <span style="line-height: 1.71429; font-size: 1rem;">che si sentivano in pericolo. Altri</span>  <span style="line-height: 1.71429; font-size: 1rem;">che il tutto doveva inquadrarsi nella lotta</span>  <span style="line-height: 1.71429; font-size: 1rem;">per la supremazia tra due leader Dc.<br />
</span>A seguito di tale inchiesta il Dot.Grasso ebbe a definire la vittima “..un democristiano onesto che&#8230;”Stava provando a realizzare un nuovo progetto politico amministrativo&#8230;di moralizzazione della vita pubblica&#8230;che aveva turbato il sistema degli appalti pubblici in Sicilia..”<span class="Apple-converted-space">  </span>Nel 1985 il<span class="Apple-converted-space">  </span>magistrato Piero Grasso è nominato Giudice a latere nel “maxi processo a cosa nostra”, amico e “discepolo” di Giovanni Falcone ,fu incaricato di estendere e motivare la corposissima sentenza del maxi processo. Concluso il processo venne nominato consulente della Commissione antimafia e nel<span class="Apple-converted-space">  </span>1991<span class="Apple-converted-space">  </span>consigliere alla Direzione affari penali del Ministero della Giustizia da Claudio Martelli. Dopo la strage di Capaci e l&#8217;assassinio di Giovanni Falcone lo sostituì alla Commissione Centrale gestione pentiti. Nominato da Vigna Procuratore aggiunto presso la Direzione Nazionale Anti mafia( DIA) è applicato alle Procure di Firenze e Palermo per indagini sulle stragi del 92 e 93.<br />
Nel 2004 si cominciò a notare tra i segretari dei partiti l&#8217;interesse per la prossima nomina alla carica di Procuratore Nazionale Antimafia che il CNM avrebbe dovuto effettuare stante che nel gennaio 2005 sarebbe scaduto il mandato<span class="Apple-converted-space">  </span>del Procuratore in carica<span class="Apple-converted-space">  </span>Pierluigi Vigna per collocamento a riposo. Titolati per tale funzione risultavano Piero Grasso Procuratore Antimafia aggiunto e Giancarlo Caselli procuratore capo a Palermo . Quest&#8217;ultimo non era molto gradito al PDL stante che aveva messo sotto processo il senatore Marcello Del&#8217;Utri ritenuto responsabile quale procuratore FININVEST di aver messo in contatto il presidente On. Berlusconi con i vertici mafiosi siciliani, affiancandogli<span class="Apple-converted-space">  </span>Vittorio Mangano un pregiudicato che Borsellino definì “La testa di ponte dell&#8217;organizzazione mafiosa al Nord”<span class="Apple-converted-space">  </span>e che gli avrebbe garantito la protezione da azioni criminose in cambio di generosi versamenti annuali alla famiglia. Forse per questa strana idea del Caselli,<span class="Apple-converted-space">  </span>L&#8217;On. Luigi Bobbio di AN( alleato F.I) aveva PRECISATO: “occorre la certezza che Caselli non sia nominato Procuratore Nazionale Anti mafia”. Destino volle che la legge Castelli “Mille Proroghe” prorogasse di altri<span class="Apple-converted-space">  </span>sei mesi al Dot. Vigna l&#8217;incarico che sarebbe scaduto<span class="Apple-converted-space">  </span>i primi di gennaio 2005 e che l&#8217;emendamento dell&#8217;On. Bobbio fissasse il limite di età del giudice al quale conferire l&#8217;incarico di Procuratore Nazionale Antimafia. Fù così<span class="Apple-converted-space">  </span>che per soli tre mesi<span class="Apple-converted-space">  </span>il Caselli si trovò escluso dal concorso.Fu nominato Grasso. Oltre a tale coincidenza, certi dietrologi, che anche tra i nostri aderenti si allineano<span class="Apple-converted-space">  </span>(sono una corrente trasversale tra le più disparate associazioni) ritengono sospetta anche una intervista radiofonica che l&#8217;On. Grasso ebbe a fare,<span class="Apple-converted-space">  </span>poco tempo dopo ad essere stato eletto senatore Pc.<span class="Apple-converted-space">    </span>In detta intervista sostenne che era da attribuirsi al Presidente Berlusconi un premio per l&#8217;opera da Lui svolta nella lotta contro la mafia, e riconoscersi<span class="Apple-converted-space">  </span>a Vittorio Mangano ( scudiero di Berlusconi, uomo di Dell&#8217;Utri e della mafia) la coerenza e la<span class="Apple-converted-space">  </span>integrità morale che lo distinguevano.Per i trasversalisti sostenitori del complotto golpista sarebbe il messaggio “subliminale” volto ad assicurare il Cavaliere circa la prosecuzione della<span class="Apple-converted-space">  </span>funzione d&#8217;intermediario e garante degli accordi intercorsi con il Pd. Si tratterebbe della conferma della politica <span class="Apple-converted-space">  </span>di distensione tra i LEADERS che sarebbe<span class="Apple-converted-space">  </span>già stata attuata dal Vigna per le indagini mafiose e confermata<span class="Apple-converted-space">  </span>dal Csm nella vicenda relativa al siluramento del Procuratore Giancarlo Caselli.</p>

<p>Pidiessino,presidente del Senato.  Nacque a Licata(Agrigento) nel 1946, iniziò la carriera di magistrato quale pretore a Barrafranca (Enna) nel 1969. Nel 1972 lo si trova al Tribunale di Palermo. Nel 1980 gli è assegnata l&#8217;inchiesta riguardante l&#8217;omicidio di PIERSANTI MATTARELLA Presidente della regione Sicilia. In tale processo , così come  Leonardo Sciascia, da subito aveva previsto, risultò la responsabilità di&#8230; <a href="https://www.ilpiccone.it/index.php/pietro-grasso/">Read more &raquo;</a></p>
