



{"id":1352,"date":"2015-12-15T15:59:17","date_gmt":"2015-12-15T14:59:17","guid":{"rendered":"http:\/\/ilpiccone.it\/wp\/?page_id=1352"},"modified":"2016-02-08T17:47:33","modified_gmt":"2016-02-08T16:47:33","slug":"personaggi-e-antagonisti","status":"publish","type":"page","link":"https:\/\/www.ilpiccone.it\/index.php\/personaggi-e-antagonisti\/","title":{"rendered":"Personaggi e Antagonisti"},"content":{"rendered":"<p><b>PREMESSA<br \/>\n<\/b><span style=\"line-height: 1.71429; text-align: justify; font-size: 1rem;\">In questo capitolo si accenna per sommi capi a personaggi che avendo avuto a che fare per motivi professionali o politici<\/span>\u00a0 <span style=\"line-height: 1.71429; text-align: justify; font-size: 1rem;\">con qualche esponente mafioso o impegnati professionalmente a combattere la mafia sono o sono stati, a torto o a ragione, ritenuti da taluni critici avversari delle mafie e da altri<\/span>\u00a0 <span style=\"line-height: 1.71429; text-align: justify; font-size: 1rem;\">veri e propri mafiosi.<\/span>\u00a0 <span style=\"line-height: 1.71429; text-align: justify; font-size: 1rem;\">Nella cronaca della politica e della mafia recente<\/span>\u00a0 <span style=\"line-height: 1.71429; text-align: justify; font-size: 1rem;\">priva di certezze<\/span>\u00a0 <span style=\"line-height: 1.71429; text-align: justify; font-size: 1rem;\">stante l&#8217;inaffidabilit\u00e0 delle verit\u00e0 giudiziaria e giornalistica, non \u00e8 facile distinguere il mafioso o il suo antagonista. Soltanto il decorrere del tempo e l&#8217;emergere delle verit\u00e0 celate potr\u00e0 fare una giustizia postuma. Questa premessa serve unicamente a chiarire<\/span>\u00a0 <span style=\"line-height: 1.71429; text-align: justify; font-size: 1rem;\">che in questo capitolo sono inseriti alcuni personaggi da noi ritenuti obiettivamente validi avversari delle mafie<\/span>\u00a0 <span style=\"line-height: 1.71429; text-align: justify; font-size: 1rem;\">che per altri<\/span>\u00a0 <span style=\"line-height: 1.71429; text-align: justify; font-size: 1rem;\">\u201cstorici\u201d invece sarebbero a loro volta mafiosi. Esempi emblematici potrebbero essere i seguenti personaggi che furono o che sono impegnati<\/span>\u00a0 <span style=\"line-height: 1.71429; text-align: justify; font-size: 1rem;\">per motivi politici e\/o professionali in prima linea contro la mafia.<\/span><\/p>\n<p>Un Sito non pu\u00f2&#8217; illustrare l&#8217;intera verit\u00e0 storica e politica connessa al fenomeno MAFIA, soltanto l&#8217;insieme dei vari archivi storici Apolitici e Apartitici, potranno venire a costituire l&#8217;enciclopedia necessaria a sviluppare coerentemente l&#8217;argomento. Ci\u00f2 premesso, senza assolutamente volere giudicare moralmente elencheremo una limitata serie di personaggi, che volenti o nolenti hanno influito pesantemente, nelle vicende annesse e connesse ai fatti politici della nostra nazione. Occorre ricordare che un giudizio non \u00e8 assolutamente possibile stante che dal sorgere della repubblica, la politica nazionale fu pesantemente imposta dai liberatori &#8220;conquistatori&#8221;, per i loro esclusivi interessi lasciando quindi le istituzioni nell&#8217;impossibilit\u00e0 di agire per il bene della loro patria e dei connazionali.<\/p>\n","protected":false},"excerpt":{"rendered":"<p>PREMESSA In questo capitolo si accenna per sommi capi a personaggi che avendo avuto a che fare per motivi professionali o politici\u00a0 con qualche esponente mafioso o impegnati professionalmente a combattere la mafia sono o sono stati, a torto o a ragione, ritenuti da taluni critici avversari delle mafie e da altri\u00a0 veri e propri mafiosi.\u00a0 Nella cronaca della politica&#8230; <a href=\"https:\/\/www.ilpiccone.it\/index.php\/personaggi-e-antagonisti\/\">Read more &raquo;<\/a><\/p>\n","protected":false},"author":1,"featured_media":0,"parent":0,"menu_order":0,"comment_status":"closed","ping_status":"closed","template":"","meta":[],"_links":{"self":[{"href":"https:\/\/www.ilpiccone.it\/index.php\/wp-json\/wp\/v2\/pages\/1352"}],"collection":[{"href":"https:\/\/www.ilpiccone.it\/index.php\/wp-json\/wp\/v2\/pages"}],"about":[{"href":"https:\/\/www.ilpiccone.it\/index.php\/wp-json\/wp\/v2\/types\/page"}],"author":[{"embeddable":true,"href":"https:\/\/www.ilpiccone.it\/index.php\/wp-json\/wp\/v2\/users\/1"}],"replies":[{"embeddable":true,"href":"https:\/\/www.ilpiccone.it\/index.php\/wp-json\/wp\/v2\/comments?post=1352"}],"version-history":[{"count":2,"href":"https:\/\/www.ilpiccone.it\/index.php\/wp-json\/wp\/v2\/pages\/1352\/revisions"}],"predecessor-version":[{"id":1617,"href":"https:\/\/www.ilpiccone.it\/index.php\/wp-json\/wp\/v2\/pages\/1352\/revisions\/1617"}],"wp:attachment":[{"href":"https:\/\/www.ilpiccone.it\/index.php\/wp-json\/wp\/v2\/media?parent=1352"}],"curies":[{"name":"wp","href":"https:\/\/api.w.org\/{rel}","templated":true}]}}

<p><b>PREMESSA<br />
</b><span style="line-height: 1.71429; text-align: justify; font-size: 1rem;">In questo capitolo si accenna per sommi capi a personaggi che avendo avuto a che fare per motivi professionali o politici</span>  <span style="line-height: 1.71429; text-align: justify; font-size: 1rem;">con qualche esponente mafioso o impegnati professionalmente a combattere la mafia sono o sono stati, a torto o a ragione, ritenuti da taluni critici avversari delle mafie e da altri</span>  <span style="line-height: 1.71429; text-align: justify; font-size: 1rem;">veri e propri mafiosi.</span>  <span style="line-height: 1.71429; text-align: justify; font-size: 1rem;">Nella cronaca della politica e della mafia recente</span>  <span style="line-height: 1.71429; text-align: justify; font-size: 1rem;">priva di certezze</span>  <span style="line-height: 1.71429; text-align: justify; font-size: 1rem;">stante l&#8217;inaffidabilità delle verità giudiziaria e giornalistica, non è facile distinguere il mafioso o il suo antagonista. Soltanto il decorrere del tempo e l&#8217;emergere delle verità celate potrà fare una giustizia postuma. Questa premessa serve unicamente a chiarire</span>  <span style="line-height: 1.71429; text-align: justify; font-size: 1rem;">che in questo capitolo sono inseriti alcuni personaggi da noi ritenuti obiettivamente validi avversari delle mafie</span>  <span style="line-height: 1.71429; text-align: justify; font-size: 1rem;">che per altri</span>  <span style="line-height: 1.71429; text-align: justify; font-size: 1rem;">“storici” invece sarebbero a loro volta mafiosi. Esempi emblematici potrebbero essere i seguenti personaggi che furono o che sono impegnati</span>  <span style="line-height: 1.71429; text-align: justify; font-size: 1rem;">per motivi politici e/o professionali in prima linea contro la mafia.</span></p>
<p>Un Sito non può&#8217; illustrare l&#8217;intera verità storica e politica connessa al fenomeno MAFIA, soltanto l&#8217;insieme dei vari archivi storici Apolitici e Apartitici, potranno venire a costituire l&#8217;enciclopedia necessaria a sviluppare coerentemente l&#8217;argomento. Ciò premesso, senza assolutamente volere giudicare moralmente elencheremo una limitata serie di personaggi, che volenti o nolenti hanno influito pesantemente, nelle vicende annesse e connesse ai fatti politici della nostra nazione. Occorre ricordare che un giudizio non è assolutamente possibile stante che dal sorgere della repubblica, la politica nazionale fu pesantemente imposta dai liberatori &#8220;conquistatori&#8221;, per i loro esclusivi interessi lasciando quindi le istituzioni nell&#8217;impossibilità di agire per il bene della loro patria e dei connazionali.</p>
